{"id":586,"date":"2016-07-28T12:11:54","date_gmt":"2016-07-28T12:11:54","guid":{"rendered":"http:\/\/doutoradoja.sites.uff.br\/?page_id=586"},"modified":"2019-10-16T11:51:42","modified_gmt":"2019-10-16T11:51:42","slug":"candido","status":"publish","type":"page","link":"http:\/\/ppgdin.uff.br\/?page_id=586","title":{"rendered":"C\u00e2ndido Francisco Duarte dos Santos e Silva"},"content":{"rendered":"<p><img loading=\"lazy\" decoding=\"async\" class=\"alignnone  wp-image-591\" src=\"http:\/\/ppgdin.uff.br\/wp-content\/uploads\/sites\/5\/2016\/07\/candido-site-165x300.jpe\" alt=\"candido site\" width=\"149\" height=\"271\" srcset=\"http:\/\/ppgdin.uff.br\/wp-content\/uploads\/sites\/5\/2016\/07\/candido-site-165x300.jpe 165w, http:\/\/ppgdin.uff.br\/wp-content\/uploads\/sites\/5\/2016\/07\/candido-site.jpe 215w\" sizes=\"auto, (max-width: 149px) 100vw, 149px\" \/><\/p>\n<p style=\"text-align: justify\"><strong><span style=\"text-decoration: underline\">\u00c1rea de atua\u00e7\u00e3o:<\/span>&nbsp;<\/strong>Sociedade de Consumo, Direito e Cidadania&nbsp; em perspectiva interdisciplinar envolvendo autores como Habermas e Bauman.<\/p>\n<p style=\"text-align: justify\"><a href=\"http:\/\/buscatextual.cnpq.br\/buscatextual\/visualizacv.do?id=K4202984D1\"><strong>Curr\u00edculo Lattes<\/strong><\/a><\/p>\n<p style=\"text-align: justify\"><strong><span style=\"text-decoration: underline\">Publica\u00e7\u00f5es:<\/span> &nbsp; &nbsp; &nbsp; &nbsp; &nbsp; &nbsp; &nbsp; &nbsp; &nbsp; &nbsp; &nbsp; &nbsp; &nbsp; &nbsp; &nbsp; &nbsp; &nbsp; &nbsp; &nbsp; &nbsp; &nbsp; &nbsp; &nbsp; &nbsp; &nbsp;&nbsp;<\/strong><\/p>\n<p style=\"text-align: justify\"><em>Artigos<\/em><\/p>\n<p><a href=\"http:\/\/publicadireito.com.br\/artigos\/?cod=04480ac0fe75be39\">SILVA, C\u00e2ndido F.D.S. AS RELA\u00c7\u00d5ES CONSUMERISTAS SOB UM PRISMA DISCURSIVO \u2013 UMA AN\u00c1LISE DA EFETIVIDADE F\u00c1CTICA DA NORMA &nbsp; (ISBN: 978-85-68147-66-5. In <strong>XXIII Congresso Nacional do CONPEDI\/UFPB &#8211; Jo\u00e3o Pessoa-PB:<\/strong> A Humaniza\u00e7\u00e3o do Direito e a Horizontaliza\u00e7\u00e3o da Justi\u00e7a no s\u00e9culo XXI. p. 90-108.<\/a><\/p>\n<p><a href=\"https:\/\/coloquiohabermas.files.wordpress.com\/2016\/03\/anais-xi-coloquio-habermas-e-ii-coloquio-de-filosofia-da-informacao1.pdf\">SILVA, C\u00e2ndido F.D.S. A POSITIVA\u00c7\u00c3O DE PRECEITOS MORAIS EM SEDE DE DIREITO DO CONSUMIDOR: UMA AN\u00c1LISE HABERMASIANA. (ISBN: 978-85-68478-02-8) In MONTENEGRO DE LIMA. Cl\u00f3vis Ricardo (org) Anais do XI Col\u00f3quio Habermas e II Col\u00f3quio de FIlosofia da Informa\u00e7\u00e3o. 1 Ed. Rio de Janeiro: Salute, 2015<\/a><\/p>\n<p><a href=\"https:\/\/coloquiohabermas.files.wordpress.com\/2016\/03\/anais-xi-coloquio-habermas-e-ii-coloquio-de-filosofia-da-informacao1.pdf\">SILVA, C\u00e2ndido F. D. S., CRIPA, Ana Beatriz Terra. ASPECTOS JUR\u00cdDICO-FILOS\u00d3FICOS ACERCA DO SUPERENDIVIDAMENTO: A CONTRIBUI\u00c7\u00c3O DA \u00c9TICA DO DISCURSO; (ISBN: 978-85-68478-02-8) In MONTENEGRO DE LIMA. Cl\u00f3vis Ricardo (org) Anais do XI Col\u00f3quio Habermas e II Col\u00f3quio de Filosofia da Informa\u00e7\u00e3o. 1 Ed. Rio de Janeiro: Salute, 2015<\/a><\/p>\n<div><a href=\"http:\/\/media.wix.com\/ugd\/203511_b7060c02cce54d20b75e7be2794a7188.pdf\" target=\"BNWbGcFNqhVXmibNk0H27iA\" rel=\"noopener noreferrer\">SILVA, C\u00e2ndido F.D.S.;&nbsp;HANSEN, Gilvan Luiz. Sociedade de consumo \u2013 entre o&nbsp;Esclarecimento e a vida para consumo (ISSN 2358-4270). In: V Congresso da ABraSD, 2014, Vit\u00f3ria\/ES. V CONGRESSO DA ABRASD \u2013 PESQUISA EM A\u00c7\u00c3O: \u00c9TICA E PR\u00c1XIS EM SOCIOLOGIA DO DIREITO. Niter\u00f3i\/RJ: ABraSD, 2014. v. 1. p. 2235-2246.<\/a><\/div>\n<p><a href=\"http:\/\/www.ppgsd.uff.br\/index.php\/mediacao-um-panorama-atual-vol-i\" target=\"BNWbGcFNqhVXmibNk0H27iA\" rel=\"noopener noreferrer\">HANSEN, Gilvan Luiz; SILVA, C\u00e2ndido F.D.S.. Media\u00e7\u00e3o em rela\u00e7\u00f5es de consumo: interesses sob tens\u00e3o. (ISBN 978-85-89150-16-3). In: MARQUES, Giselle Picorelli Yacoub; MEIRELLES, Delton Ricardo Soares.. (Org.). Media\u00e7\u00e3o: um panorama atual.. 1ed. Niter\u00f3i\/RJ: Editora PPGSD, 2014, v. 1, p. 59-68.<\/a><\/p>\n<p><a href=\"https:\/\/coloquiohabermas.files.wordpress.com\/2013\/09\/ebook_anais_ix_coloquio_habermas.pdf\" target=\"BNWbGcFNqhVXmibNk0H27iA\" rel=\"noopener noreferrer\">HANSEN, Gilvan Luiz; SILVA, C\u00e2ndido F.D.S. ; KALE, T\u00c2NIA MARCIA ; LARANGEIRA, Marcelo F. ; PAUSEIRO, S\u00e9rgio G.M. ; MARCONI DA SILVA, Antonio J. . Discutindo a nova pol\u00edtica nacional de defesa do consumidor sob o prisma Habermasiano. (ISBN 978-85-68478-00-4). In: MONTENEGRO<\/a><\/p>\n<p><a href=\"https:\/\/coloquiohabermas.files.wordpress.com\/2013\/09\/ebook_anais_ix_coloquio_habermas.pdf\" target=\"BNWbGcFNqhVXmibNk0H27iA\" rel=\"noopener noreferrer\">DE LIMA, Cl\u00f3vis Ricardo.. (Org.). Anais do IX Col\u00f3quio Habermas. 1.ed. Rio de Janeiro: Salute, 2014, v. 1, p. 367-382.<\/a><\/p>\n<div><a href=\"https:\/\/coloquiohabermas.files.wordpress.com\/2012\/10\/clique-aqui-para-baixar-os-anais-do-viii-colc3b3quio-habermas.pdf\" target=\"BNWbGcFNqhVXmibNk0H27iA\" rel=\"noopener noreferrer\">HANSEN, Gilvan Luiz; PAUSEIRO, S\u00e9rgio G.M. ; SILVA, C\u00e2ndido F.D.S. . Opini\u00e3o p\u00fablica, publicidade e consumo: uma leitura a partir de Habermas (ISBN: 978-85-7745-234-7). In: MONTENEGRO DE LIMA, Cl\u00f3vis Ricardo (Org.). (Org.). Mudan\u00e7a estrutural na esfera publica 50 anos depois. 1ed.Jo\u00e3o Pessoa\/PB: Editora da UFPB, 2012, v. 1, p. 93-108.<\/a><\/div>\n<div><\/div>\n<div><\/div>\n<p>&nbsp;<\/p>\n","protected":false},"excerpt":{"rendered":"<p>\u00c1rea de atua\u00e7\u00e3o:&nbsp;Sociedade de Consumo, Direito e Cidadania&nbsp; em perspectiva interdisciplinar envolvendo autores como Habermas e Bauman. Curr\u00edculo Lattes Publica\u00e7\u00f5es: &nbsp; &nbsp; &nbsp; &nbsp; &nbsp; &nbsp; &nbsp; &nbsp; &nbsp; &nbsp; &nbsp; &nbsp; &nbsp; &nbsp; &nbsp; &nbsp; &nbsp; &nbsp; &nbsp; &nbsp; &nbsp; &nbsp; &nbsp; &nbsp; &nbsp;&nbsp; Artigos SILVA, C\u00e2ndido F.D.S. AS RELA\u00c7\u00d5ES CONSUMERISTAS SOB UM PRISMA [&hellip;]<\/p>\n","protected":false},"author":5,"featured_media":0,"parent":0,"menu_order":0,"comment_status":"closed","ping_status":"closed","template":"","meta":{"_exactmetrics_skip_tracking":false,"_exactmetrics_sitenote_active":false,"_exactmetrics_sitenote_note":"","_exactmetrics_sitenote_category":0,"footnotes":""},"categories":[],"tags":[],"class_list":["post-586","page","type-page","status-publish","hentry"],"_links":{"self":[{"href":"http:\/\/ppgdin.uff.br\/index.php?rest_route=\/wp\/v2\/pages\/586","targetHints":{"allow":["GET"]}}],"collection":[{"href":"http:\/\/ppgdin.uff.br\/index.php?rest_route=\/wp\/v2\/pages"}],"about":[{"href":"http:\/\/ppgdin.uff.br\/index.php?rest_route=\/wp\/v2\/types\/page"}],"author":[{"embeddable":true,"href":"http:\/\/ppgdin.uff.br\/index.php?rest_route=\/wp\/v2\/users\/5"}],"replies":[{"embeddable":true,"href":"http:\/\/ppgdin.uff.br\/index.php?rest_route=%2Fwp%2Fv2%2Fcomments&post=586"}],"version-history":[{"count":5,"href":"http:\/\/ppgdin.uff.br\/index.php?rest_route=\/wp\/v2\/pages\/586\/revisions"}],"predecessor-version":[{"id":1439,"href":"http:\/\/ppgdin.uff.br\/index.php?rest_route=\/wp\/v2\/pages\/586\/revisions\/1439"}],"wp:attachment":[{"href":"http:\/\/ppgdin.uff.br\/index.php?rest_route=%2Fwp%2Fv2%2Fmedia&parent=586"}],"wp:term":[{"taxonomy":"category","embeddable":true,"href":"http:\/\/ppgdin.uff.br\/index.php?rest_route=%2Fwp%2Fv2%2Fcategories&post=586"},{"taxonomy":"post_tag","embeddable":true,"href":"http:\/\/ppgdin.uff.br\/index.php?rest_route=%2Fwp%2Fv2%2Ftags&post=586"}],"curies":[{"name":"wp","href":"https:\/\/api.w.org\/{rel}","templated":true}]}}

Cândido Francisco Duarte dos Santos e Silva

<p><img loading="lazy" decoding="async" class="alignnone  wp-image-591" src="http://ppgdin.uff.br/wp-content/uploads/sites/5/2016/07/candido-site-165x300.jpe" alt="candido site" width="149" height="271" srcset="http://ppgdin.uff.br/wp-content/uploads/sites/5/2016/07/candido-site-165x300.jpe 165w, http://ppgdin.uff.br/wp-content/uploads/sites/5/2016/07/candido-site.jpe 215w" sizes="auto, (max-width: 149px) 100vw, 149px" /></p>
<p style="text-align: justify"><strong><span style="text-decoration: underline">Área de atuação:</span>&nbsp;</strong>Sociedade de Consumo, Direito e Cidadania&nbsp; em perspectiva interdisciplinar envolvendo autores como Habermas e Bauman.</p>
<p style="text-align: justify"><a href="http://buscatextual.cnpq.br/buscatextual/visualizacv.do?id=K4202984D1"><strong>Currículo Lattes</strong></a></p>
<p style="text-align: justify"><strong><span style="text-decoration: underline">Publicações:</span> &nbsp; &nbsp; &nbsp; &nbsp; &nbsp; &nbsp; &nbsp; &nbsp; &nbsp; &nbsp; &nbsp; &nbsp; &nbsp; &nbsp; &nbsp; &nbsp; &nbsp; &nbsp; &nbsp; &nbsp; &nbsp; &nbsp; &nbsp; &nbsp; &nbsp;&nbsp;</strong></p>
<p style="text-align: justify"><em>Artigos</em></p>
<p><a href="http://publicadireito.com.br/artigos/?cod=04480ac0fe75be39">SILVA, Cândido F.D.S. AS RELAÇÕES CONSUMERISTAS SOB UM PRISMA DISCURSIVO – UMA ANÁLISE DA EFETIVIDADE FÁCTICA DA NORMA &nbsp; (ISBN: 978-85-68147-66-5. In <strong>XXIII Congresso Nacional do CONPEDI/UFPB &#8211; João Pessoa-PB:</strong> A Humanização do Direito e a Horizontalização da Justiça no século XXI. p. 90-108.</a></p>
<p><a href="https://coloquiohabermas.files.wordpress.com/2016/03/anais-xi-coloquio-habermas-e-ii-coloquio-de-filosofia-da-informacao1.pdf">SILVA, Cândido F.D.S. A POSITIVAÇÃO DE PRECEITOS MORAIS EM SEDE DE DIREITO DO CONSUMIDOR: UMA ANÁLISE HABERMASIANA. (ISBN: 978-85-68478-02-8) In MONTENEGRO DE LIMA. Clóvis Ricardo (org) Anais do XI Colóquio Habermas e II Colóquio de FIlosofia da Informação. 1 Ed. Rio de Janeiro: Salute, 2015</a></p>
<p><a href="https://coloquiohabermas.files.wordpress.com/2016/03/anais-xi-coloquio-habermas-e-ii-coloquio-de-filosofia-da-informacao1.pdf">SILVA, Cândido F. D. S., CRIPA, Ana Beatriz Terra. ASPECTOS JURÍDICO-FILOSÓFICOS ACERCA DO SUPERENDIVIDAMENTO: A CONTRIBUIÇÃO DA ÉTICA DO DISCURSO; (ISBN: 978-85-68478-02-8) In MONTENEGRO DE LIMA. Clóvis Ricardo (org) Anais do XI Colóquio Habermas e II Colóquio de Filosofia da Informação. 1 Ed. Rio de Janeiro: Salute, 2015</a></p>
<div><a href="http://media.wix.com/ugd/203511_b7060c02cce54d20b75e7be2794a7188.pdf" target="BNWbGcFNqhVXmibNk0H27iA" rel="noopener noreferrer">SILVA, Cândido F.D.S.;&nbsp;HANSEN, Gilvan Luiz. Sociedade de consumo – entre o&nbsp;Esclarecimento e a vida para consumo (ISSN 2358-4270). In: V Congresso da ABraSD, 2014, Vitória/ES. V CONGRESSO DA ABRASD – PESQUISA EM AÇÃO: ÉTICA E PRÁXIS EM SOCIOLOGIA DO DIREITO. Niterói/RJ: ABraSD, 2014. v. 1. p. 2235-2246.</a></div>
<p><a href="http://www.ppgsd.uff.br/index.php/mediacao-um-panorama-atual-vol-i" target="BNWbGcFNqhVXmibNk0H27iA" rel="noopener noreferrer">HANSEN, Gilvan Luiz; SILVA, Cândido F.D.S.. Mediação em relações de consumo: interesses sob tensão. (ISBN 978-85-89150-16-3). In: MARQUES, Giselle Picorelli Yacoub; MEIRELLES, Delton Ricardo Soares.. (Org.). Mediação: um panorama atual.. 1ed. Niterói/RJ: Editora PPGSD, 2014, v. 1, p. 59-68.</a></p>
<p><a href="https://coloquiohabermas.files.wordpress.com/2013/09/ebook_anais_ix_coloquio_habermas.pdf" target="BNWbGcFNqhVXmibNk0H27iA" rel="noopener noreferrer">HANSEN, Gilvan Luiz; SILVA, Cândido F.D.S. ; KALE, TÂNIA MARCIA ; LARANGEIRA, Marcelo F. ; PAUSEIRO, Sérgio G.M. ; MARCONI DA SILVA, Antonio J. . Discutindo a nova política nacional de defesa do consumidor sob o prisma Habermasiano. (ISBN 978-85-68478-00-4). In: MONTENEGRO</a></p>
<p><a href="https://coloquiohabermas.files.wordpress.com/2013/09/ebook_anais_ix_coloquio_habermas.pdf" target="BNWbGcFNqhVXmibNk0H27iA" rel="noopener noreferrer">DE LIMA, Clóvis Ricardo.. (Org.). Anais do IX Colóquio Habermas. 1.ed. Rio de Janeiro: Salute, 2014, v. 1, p. 367-382.</a></p>
<div><a href="https://coloquiohabermas.files.wordpress.com/2012/10/clique-aqui-para-baixar-os-anais-do-viii-colc3b3quio-habermas.pdf" target="BNWbGcFNqhVXmibNk0H27iA" rel="noopener noreferrer">HANSEN, Gilvan Luiz; PAUSEIRO, Sérgio G.M. ; SILVA, Cândido F.D.S. . Opinião pública, publicidade e consumo: uma leitura a partir de Habermas (ISBN: 978-85-7745-234-7). In: MONTENEGRO DE LIMA, Clóvis Ricardo (Org.). (Org.). Mudança estrutural na esfera publica 50 anos depois. 1ed.João Pessoa/PB: Editora da UFPB, 2012, v. 1, p. 93-108.</a></div>
<div></div>
<div></div>
<p>&nbsp;</p>

<p>Área de atuação:&nbsp;Sociedade de Consumo, Direito e Cidadania&nbsp; em perspectiva interdisciplinar envolvendo autores como Habermas e Bauman. Currículo Lattes Publicações: &nbsp; &nbsp; &nbsp; &nbsp; &nbsp; &nbsp; &nbsp; &nbsp; &nbsp; &nbsp; &nbsp; &nbsp; &nbsp; &nbsp; &nbsp; &nbsp; &nbsp; &nbsp; &nbsp; &nbsp; &nbsp; &nbsp; &nbsp; &nbsp; &nbsp;&nbsp; Artigos SILVA, Cândido F.D.S. AS RELAÇÕES CONSUMERISTAS SOB UM PRISMA [&hellip;]</p>
