{"id":4412,"date":"2024-08-22T19:41:28","date_gmt":"2024-08-22T19:41:28","guid":{"rendered":"http:\/\/ppgdin.uff.br\/?page_id=4412"},"modified":"2024-08-22T19:46:29","modified_gmt":"2024-08-22T19:46:29","slug":"eleicoes-para-coordenador-e-vice-do-ppgdin","status":"publish","type":"page","link":"http:\/\/ppgdin.uff.br\/?page_id=4412","title":{"rendered":"Elei\u00e7\u00f5es para Coordenador e Vice do PPGDIN"},"content":{"rendered":"\n<hr class=\"wp-block-separator\" \/>\n\n\n\n<p class=\"has-normal-font-size\">A Comiss\u00e3o Eleitoral Local (CEL), institu\u00edda pela DTS 09\/2024 de 10 de julho de 2024, de acordo a Resolu\u00e7\u00e3o CUV n\u00ba 104\/97 \u2013 Regulamento Geral das Consultas Eleitorais \u2013 RGCE, alterada pelas Resolu\u00e7\u00f5es CUV no 068\/2009 e no 061\/2012, decis\u00e3o CUV no 077\/2013 e pela Resolu\u00e7\u00e3o CUV 005\/2020, torna p\u00fablico que est\u00e1 aberto o processo de consulta \u00e0 comunidade acad\u00eamica, com o objetivo de identificar as prefer\u00eancias a respeito da escolha do(a) novo(a)<br>Coordenador(a) e Vice-coordenador(a) do PROGRAMA DE P\u00d3S- GRADUA\u00c7\u00c3O EM DIREITOS, INSTITUI\u00c7\u00d5ES E NEG\u00d3CIOS&nbsp;\u2013 PPGDIN da FACULDADE DE DIREITO para o quadri\u00eanio 2024\/2028.<\/p>\n\n\n\n<p class=\"has-normal-font-size\">As inscri\u00e7\u00f5es das chapas ser\u00e3o feitas a partir das 10 h do dia 26\/08\/2024 at\u00e9 \u00e0s 14 h do dia 27\/08\/2024.<\/p>\n\n\n\n<p class=\"has-normal-font-size\">Para mais informa\u00e7\u00f5es basta acessar o <a href=\"https:\/\/direito.uff.br\/wp-content\/uploads\/sites\/292\/2024\/08\/Edital_eleicao_PPGDIN_assinado.pdf\">EDITAL clicando aqui<\/a>.<\/p>\n","protected":false},"excerpt":{"rendered":"<p>A Comiss\u00e3o Eleitoral Local (CEL), institu\u00edda pela DTS 09\/2024 de 10 de julho de 2024, de acordo a Resolu\u00e7\u00e3o CUV n\u00ba 104\/97 \u2013 Regulamento Geral das Consultas Eleitorais \u2013 RGCE, alterada pelas Resolu\u00e7\u00f5es CUV no 068\/2009 e no 061\/2012, decis\u00e3o CUV no 077\/2013 e pela Resolu\u00e7\u00e3o CUV 005\/2020, torna p\u00fablico que est\u00e1 aberto o processo [&hellip;]<\/p>\n","protected":false},"author":5,"featured_media":0,"parent":0,"menu_order":0,"comment_status":"closed","ping_status":"closed","template":"","meta":{"_exactmetrics_skip_tracking":false,"_exactmetrics_sitenote_active":false,"_exactmetrics_sitenote_note":"","_exactmetrics_sitenote_category":0,"footnotes":""},"categories":[2],"tags":[],"class_list":["post-4412","page","type-page","status-publish","hentry","category-destaques"],"_links":{"self":[{"href":"http:\/\/ppgdin.uff.br\/index.php?rest_route=\/wp\/v2\/pages\/4412","targetHints":{"allow":["GET"]}}],"collection":[{"href":"http:\/\/ppgdin.uff.br\/index.php?rest_route=\/wp\/v2\/pages"}],"about":[{"href":"http:\/\/ppgdin.uff.br\/index.php?rest_route=\/wp\/v2\/types\/page"}],"author":[{"embeddable":true,"href":"http:\/\/ppgdin.uff.br\/index.php?rest_route=\/wp\/v2\/users\/5"}],"replies":[{"embeddable":true,"href":"http:\/\/ppgdin.uff.br\/index.php?rest_route=%2Fwp%2Fv2%2Fcomments&post=4412"}],"version-history":[{"count":3,"href":"http:\/\/ppgdin.uff.br\/index.php?rest_route=\/wp\/v2\/pages\/4412\/revisions"}],"predecessor-version":[{"id":4418,"href":"http:\/\/ppgdin.uff.br\/index.php?rest_route=\/wp\/v2\/pages\/4412\/revisions\/4418"}],"wp:attachment":[{"href":"http:\/\/ppgdin.uff.br\/index.php?rest_route=%2Fwp%2Fv2%2Fmedia&parent=4412"}],"wp:term":[{"taxonomy":"category","embeddable":true,"href":"http:\/\/ppgdin.uff.br\/index.php?rest_route=%2Fwp%2Fv2%2Fcategories&post=4412"},{"taxonomy":"post_tag","embeddable":true,"href":"http:\/\/ppgdin.uff.br\/index.php?rest_route=%2Fwp%2Fv2%2Ftags&post=4412"}],"curies":[{"name":"wp","href":"https:\/\/api.w.org\/{rel}","templated":true}]}}