{"id":4149,"date":"2024-01-01T19:40:01","date_gmt":"2024-01-01T19:40:01","guid":{"rendered":"http:\/\/ppgdin.uff.br\/?page_id=4149"},"modified":"2024-03-11T14:34:06","modified_gmt":"2024-03-11T14:34:06","slug":"edital-de-credenciamento-para-novos-docentes","status":"publish","type":"page","link":"http:\/\/ppgdin.uff.br\/?page_id=4149","title":{"rendered":"EDITAL DE CREDENCIAMENTO PARA NOVOS DOCENTES &#8211; 2024.1"},"content":{"rendered":"\n<div class=\"wp-block-image\"><figure class=\"alignleft\"><img loading=\"lazy\" decoding=\"async\" width=\"100\" height=\"154\" src=\"http:\/\/ppgdin.uff.br\/wp-content\/uploads\/sites\/5\/2019\/10\/PPGDIN-e1572531848831.png\" alt=\"\" class=\"wp-image-1605\" \/><\/figure><\/div>\n\n\n\n<p><\/p>\n\n\n\n<div style=\"height:48px\" aria-hidden=\"true\" class=\"wp-block-spacer\"><\/div>\n\n\n\n<p class=\"has-medium-font-size\"><strong>Resultado final<\/strong> <\/p>\n\n\n\n<p class=\"has-medium-font-size\">Para acessar o resultado final <strong><a href=\"https:\/\/drive.google.com\/file\/d\/126QfgMJGa-s7MWex2Zs7fZyOJGlPJ4mD\/view?usp=sharing\">CLIQUE AQUI<\/a><\/strong><\/p>\n\n\n\n<hr class=\"wp-block-separator\" \/>\n\n\n\n<p class=\"has-medium-font-size\"><strong>Edital<\/strong>&nbsp;de credenciamento para novos docentes para in\u00edcio no <strong>primeiro per\u00edodo de 2024.<\/strong><\/p>\n\n\n\n<p class=\"has-medium-font-size\">Per\u00edodo de inscri\u00e7\u00f5es: &nbsp;<strong>03 de janeiro a 30 de janeiro de 2024<\/strong>, at\u00e9 \u00e0s 18 horas.<\/p>\n\n\n\n<p class=\"has-medium-font-size\">Informa\u00e7\u00f5es vide edital.<\/p>\n\n\n\n<p class=\"has-medium-font-size\"><strong><a href=\"http:\/\/ppgdin.uff.br\/wp-content\/uploads\/sites\/5\/2023\/12\/PPGDIN_Edital-de-Credenciamento-Docente-2023-assinado.pdf\">Ver Edital<\/a><\/strong><\/p>\n\n\n\n<div style=\"height:7px\" aria-hidden=\"true\" class=\"wp-block-spacer\"><\/div>\n\n\n\n<hr class=\"wp-block-separator\" \/>\n\n\n\n<div style=\"height:6px\" aria-hidden=\"true\" class=\"wp-block-spacer\"><\/div>\n\n\n\n<p class=\"has-medium-font-size\"><strong>Inscri\u00e7\u00e3o&nbsp;<\/strong><a href=\"https:\/\/forms.gle\/YZz4wSM6dEnVJ29V7\"><strong>CLIQUE AQUI<\/strong>&nbsp;(link para acesso ao formul\u00e1rio de inscri\u00e7\u00e3<\/a>o).<\/p>\n\n\n\n<p class=\"has-medium-font-size\">OBS.: para preenchimento do formul\u00e1rio de inscri\u00e7\u00e3o \u00e9 necess\u00e1rio estar logado em uma conta gmail.<\/p>\n\n\n\n<div style=\"height:3px\" aria-hidden=\"true\" class=\"wp-block-spacer\"><\/div>\n\n\n\n<hr class=\"wp-block-separator\" \/>\n\n\n\n<p><\/p>\n","protected":false},"excerpt":{"rendered":"<p>Resultado final Para acessar o resultado final CLIQUE AQUI Edital&nbsp;de credenciamento para novos docentes para in\u00edcio no primeiro per\u00edodo de 2024. Per\u00edodo de inscri\u00e7\u00f5es: &nbsp;03 de janeiro a 30 de janeiro de 2024, at\u00e9 \u00e0s 18 horas. Informa\u00e7\u00f5es vide edital. Ver Edital Inscri\u00e7\u00e3o&nbsp;CLIQUE AQUI&nbsp;(link para acesso ao formul\u00e1rio de inscri\u00e7\u00e3o). OBS.: para preenchimento do formul\u00e1rio [&hellip;]<\/p>\n","protected":false},"author":5,"featured_media":0,"parent":0,"menu_order":0,"comment_status":"closed","ping_status":"closed","template":"","meta":{"_exactmetrics_skip_tracking":false,"_exactmetrics_sitenote_active":false,"_exactmetrics_sitenote_note":"","_exactmetrics_sitenote_category":0,"footnotes":""},"categories":[2,4],"tags":[],"class_list":["post-4149","page","type-page","status-publish","hentry","category-destaques","category-noticias"],"_links":{"self":[{"href":"http:\/\/ppgdin.uff.br\/index.php?rest_route=\/wp\/v2\/pages\/4149","targetHints":{"allow":["GET"]}}],"collection":[{"href":"http:\/\/ppgdin.uff.br\/index.php?rest_route=\/wp\/v2\/pages"}],"about":[{"href":"http:\/\/ppgdin.uff.br\/index.php?rest_route=\/wp\/v2\/types\/page"}],"author":[{"embeddable":true,"href":"http:\/\/ppgdin.uff.br\/index.php?rest_route=\/wp\/v2\/users\/5"}],"replies":[{"embeddable":true,"href":"http:\/\/ppgdin.uff.br\/index.php?rest_route=%2Fwp%2Fv2%2Fcomments&post=4149"}],"version-history":[{"count":5,"href":"http:\/\/ppgdin.uff.br\/index.php?rest_route=\/wp\/v2\/pages\/4149\/revisions"}],"predecessor-version":[{"id":4264,"href":"http:\/\/ppgdin.uff.br\/index.php?rest_route=\/wp\/v2\/pages\/4149\/revisions\/4264"}],"wp:attachment":[{"href":"http:\/\/ppgdin.uff.br\/index.php?rest_route=%2Fwp%2Fv2%2Fmedia&parent=4149"}],"wp:term":[{"taxonomy":"category","embeddable":true,"href":"http:\/\/ppgdin.uff.br\/index.php?rest_route=%2Fwp%2Fv2%2Fcategories&post=4149"},{"taxonomy":"post_tag","embeddable":true,"href":"http:\/\/ppgdin.uff.br\/index.php?rest_route=%2Fwp%2Fv2%2Ftags&post=4149"}],"curies":[{"name":"wp","href":"https:\/\/api.w.org\/{rel}","templated":true}]}}