{"id":4088,"date":"2023-11-17T13:39:37","date_gmt":"2023-11-17T13:39:37","guid":{"rendered":"http:\/\/ppgdin.uff.br\/?page_id=4088"},"modified":"2023-12-04T14:49:03","modified_gmt":"2023-12-04T14:49:03","slug":"edital-pdse-da-capes-bolsa-de-doutorado-sanduiche-no-exterior","status":"publish","type":"page","link":"http:\/\/ppgdin.uff.br\/?page_id=4088","title":{"rendered":"EDITAL PDSE da CAPES &#8211; Bolsa de Doutorado Sandu\u00edche no Exterior"},"content":{"rendered":"\n<div class=\"wp-block-image\"><figure class=\"alignleft\"><img loading=\"lazy\" decoding=\"async\" width=\"100\" height=\"154\" src=\"http:\/\/ppgdin.uff.br\/wp-content\/uploads\/sites\/5\/2019\/10\/PPGDIN-e1572531848831.png\" alt=\"\" class=\"wp-image-1605\" \/><\/figure><\/div>\n\n\n\n<p class=\"has-medium-font-size\"><strong>Edital<\/strong>&nbsp;de chamada para inscri\u00e7\u00e3o e sele\u00e7\u00e3o interna de doutorandos(as) do PPGDIN\/UFF interessados na candidatura \u00e0 Bolsa do Programa Institucional de Doutorado Sandu\u00edche no Exterior &#8211; PDSE da CAPES.<\/p>\n\n\n\n<p class=\"has-medium-font-size\">Per\u00edodo de inscri\u00e7\u00f5es: &nbsp;<strong>20\/11\/2023 a 28\/11\/2023<\/strong> atrav\u00e9s do e-mail <strong>ppgdin.pdse.2023@gmail.com<\/strong> <\/p>\n\n\n\n<p class=\"has-medium-font-size\">Informa\u00e7\u00f5es vide <a href=\"http:\/\/ppgdin.uff.br\/wp-content\/uploads\/sites\/5\/2023\/11\/EDITAL-PPGDIN-No-3-2023-PDSE-CAPES.pdf\">edital (clique aqui)<\/a><\/p>\n\n\n\n<ul class=\"wp-block-list\"><li><a href=\"http:\/\/ppgdin.uff.br\/wp-content\/uploads\/sites\/5\/2023\/11\/EDITAL-PPGDIN-No-3-2023-PDSE-CAPES-Resultado-Preliminar.pdf\"><strong>Publica\u00e7\u00e3o do Resultado Preliminar da Sele\u00e7\u00e3o Interna (clique aqui)<\/strong><\/a><\/li><\/ul>\n\n\n\n<ul class=\"wp-block-list\"><li><a href=\"http:\/\/ppgdin.uff.br\/wp-content\/uploads\/sites\/5\/2023\/12\/EDITAL-PPGDIN-No-3-2023-PDSE-CAPES-Resultado-Final.pdf\"><strong>Publica\u00e7\u00e3o do Resultado FINAL da Sele\u00e7\u00e3o Interna (clique aqui)<\/strong> <\/a><\/li><\/ul>\n","protected":false},"excerpt":{"rendered":"<p>Edital&nbsp;de chamada para inscri\u00e7\u00e3o e sele\u00e7\u00e3o interna de doutorandos(as) do PPGDIN\/UFF interessados na candidatura \u00e0 Bolsa do Programa Institucional de Doutorado Sandu\u00edche no Exterior &#8211; PDSE da CAPES. Per\u00edodo de inscri\u00e7\u00f5es: &nbsp;20\/11\/2023 a 28\/11\/2023 atrav\u00e9s do e-mail ppgdin.pdse.2023@gmail.com Informa\u00e7\u00f5es vide edital (clique aqui) Publica\u00e7\u00e3o do Resultado Preliminar da Sele\u00e7\u00e3o Interna (clique aqui) Publica\u00e7\u00e3o do Resultado [&hellip;]<\/p>\n","protected":false},"author":5,"featured_media":0,"parent":0,"menu_order":0,"comment_status":"closed","ping_status":"closed","template":"","meta":{"_exactmetrics_skip_tracking":false,"_exactmetrics_sitenote_active":false,"_exactmetrics_sitenote_note":"","_exactmetrics_sitenote_category":0,"footnotes":""},"categories":[2,4],"tags":[],"class_list":["post-4088","page","type-page","status-publish","hentry","category-destaques","category-noticias"],"_links":{"self":[{"href":"http:\/\/ppgdin.uff.br\/index.php?rest_route=\/wp\/v2\/pages\/4088","targetHints":{"allow":["GET"]}}],"collection":[{"href":"http:\/\/ppgdin.uff.br\/index.php?rest_route=\/wp\/v2\/pages"}],"about":[{"href":"http:\/\/ppgdin.uff.br\/index.php?rest_route=\/wp\/v2\/types\/page"}],"author":[{"embeddable":true,"href":"http:\/\/ppgdin.uff.br\/index.php?rest_route=\/wp\/v2\/users\/5"}],"replies":[{"embeddable":true,"href":"http:\/\/ppgdin.uff.br\/index.php?rest_route=%2Fwp%2Fv2%2Fcomments&post=4088"}],"version-history":[{"count":4,"href":"http:\/\/ppgdin.uff.br\/index.php?rest_route=\/wp\/v2\/pages\/4088\/revisions"}],"predecessor-version":[{"id":4134,"href":"http:\/\/ppgdin.uff.br\/index.php?rest_route=\/wp\/v2\/pages\/4088\/revisions\/4134"}],"wp:attachment":[{"href":"http:\/\/ppgdin.uff.br\/index.php?rest_route=%2Fwp%2Fv2%2Fmedia&parent=4088"}],"wp:term":[{"taxonomy":"category","embeddable":true,"href":"http:\/\/ppgdin.uff.br\/index.php?rest_route=%2Fwp%2Fv2%2Fcategories&post=4088"},{"taxonomy":"post_tag","embeddable":true,"href":"http:\/\/ppgdin.uff.br\/index.php?rest_route=%2Fwp%2Fv2%2Ftags&post=4088"}],"curies":[{"name":"wp","href":"https:\/\/api.w.org\/{rel}","templated":true}]}}