{"id":352,"date":"2016-02-29T16:49:35","date_gmt":"2016-02-29T16:49:35","guid":{"rendered":"http:\/\/doutoradoja.sites.uff.br\/?page_id=352"},"modified":"2025-03-18T17:18:43","modified_gmt":"2025-03-18T17:18:43","slug":"grupos-de-pesquisa","status":"publish","type":"page","link":"http:\/\/ppgdin.uff.br\/?page_id=352","title":{"rendered":"Grupos de Pesquisa"},"content":{"rendered":"\n<p><\/p>\n\n\n\n<div style=\"height:49px\" aria-hidden=\"true\" class=\"wp-block-spacer\"><\/div>\n\n\n\n<p class=\"has-text-align-center has-huge-font-size\"><\/p>\n\n\n\n<p><\/p>\n\n\n\n<p class=\"has-background\" style=\"background-color:#fadbdb;font-size:22px\"><strong><a href=\"https:\/\/decied.org\/\">Democracia, Cidadania e Estado de Direito<\/a><\/strong><\/p>\n\n\n\n<div class=\"wp-block-image\"><figure class=\"alignleft size-full is-resized\"><img loading=\"lazy\" decoding=\"async\" src=\"http:\/\/ppgdin.uff.br\/wp-content\/uploads\/sites\/5\/2024\/11\/decied.png\" alt=\"\" class=\"wp-image-4475\" width=\"249\" height=\"207\" \/><\/figure><\/div>\n\n\n\n<p class=\"has-medium-font-size\">O Grupo de Pesquisa \u201cDemocracia, Cidadania e Estado de Direito\u201d tem por expectativas: a) Estruturar um foro de discuss\u00e3o acerca das quest\u00f5es que lhe servem de foco j\u00e1 na sua denomina\u00e7\u00e3o (a cidadania, a democracia, o estado de direito), gerando oportunidades de conhecimento destes temas a docentes, discentes, t\u00e9cnicos administrativos e interessados da comunidade em geral. b) Construir uma rede de investiga\u00e7\u00e3o em torno dos problemas propostos, realizando eventos (semin\u00e1rios, cursos, publica\u00e7\u00f5es) para propiciar tal intento. c) Tornar-se um dos espa\u00e7os referenciais em \u00e2mbito nacional nas discuss\u00f5es sobre tais temas, contribuindo na sociedade para o debate dos temas pol\u00edticos, \u00e9ticos, jur\u00eddicos, educacionais, etc. com abordagens embasadas ou inspiradas no vi\u00e9s filos\u00f3fico habermasiano, na perspectiva de apontar novas diretrizes te\u00f3rico-pr\u00e1ticas para a compreens\u00e3o do estado democr\u00e1tico de direito.<\/p>\n\n\n\n<p class=\"has-medium-font-size\"><br><strong>Coordenador<\/strong>: Gilvan Luiz Hansen (gilvanluizhansen@id.uff.br)<\/p>\n\n\n\n<div style=\"height:36px\" aria-hidden=\"true\" class=\"wp-block-spacer\"><\/div>\n\n\n\n<div style=\"height:36px\" aria-hidden=\"true\" class=\"wp-block-spacer\"><\/div>\n\n\n\n<p class=\"has-background\" style=\"background-color:#fadbdb;font-size:22px\"> <strong><a href=\"https:\/\/seminarioduff.blogspot.com\/2016\/06\/apresentacao.html\">Direitos Fundamentais<\/a><\/strong><\/p>\n\n\n\n<div class=\"wp-block-image\"><figure class=\"alignleft size-full is-resized\"><img loading=\"lazy\" decoding=\"async\" src=\"http:\/\/ppgdin.uff.br\/wp-content\/uploads\/sites\/5\/2024\/11\/grupo-1.jpg\" alt=\"\" class=\"wp-image-4467\" width=\"250\" height=\"264\" \/><\/figure><\/div>\n\n\n\n<p class=\"has-background has-medium-font-size\" style=\"background-color:#f0f2f3\">Criado em 2012, este Grupo de Pesquisa leva em conta que o tema direitos fundamentais tem sido alvo de abundantes transforma\u00e7\u00f5es, que progressivamente lhe conferem significado cada vez mais amplo, abarcando todas as esp\u00e9cies de direitos e interesses relacionados ao direito \u00e0 vida digna. Neste contexto, a Constitui\u00e7\u00e3o de 1988 colocou os direitos individuais ao lado dos direitos coletivos, como direitos fundamentais. Cresce inquestionavelmente o interesse pelo estudo da efic\u00e1cia destes tanto na esfera nacional quanto internacional. Diante deste cen\u00e1rio, volta-se o presente grupo para o estudo de dois assuntos, em especial, quais sejam: a) a efic\u00e1cia horizontal dos direitos fundamentais nas rela\u00e7\u00f5es entre particulares; b) a efic\u00e1cia dos direitos sociais prestacionais e a atividade do Poder Judici\u00e1rio na sua aplica\u00e7\u00e3o, interpreta\u00e7\u00e3o e concretiza\u00e7\u00e3o. As atividades do grupo ser\u00e3o desenvolvidas por interm\u00e9dio da integra\u00e7\u00e3o entre p\u00f3s-gradua\u00e7\u00e3o e gradua\u00e7\u00e3o, estando suas linhas de pesquisa vinculadas ao Programa de Doutorado em Direitos, Institui\u00e7\u00f5es e Neg\u00f3cios. <\/p>\n\n\n\n<p class=\"has-black-color has-text-color has-background has-medium-font-size\" style=\"background-color:#f0f2f3\"><strong>Coordenadora<\/strong>: C\u00e9lia Barbosa Abreu (<a rel=\"noreferrer noopener\" href=\"mailto:celiaabreu@id.uff.br\" target=\"_blank\">celiaabreu@id.uff.br<\/a>)<\/p>\n\n\n\n<div style=\"height:36px\" aria-hidden=\"true\" class=\"wp-block-spacer\"><\/div>\n\n\n\n<div style=\"height:36px\" aria-hidden=\"true\" class=\"wp-block-spacer\"><\/div>\n\n\n\n<p class=\"has-background\" style=\"background-color:#fadbdb;font-size:22px\"><strong><a href=\"https:\/\/www.facebook.com\/InstitutoEDSorg\/videos\/o-grupo-de-pesquisa-empresa-direito-e-sociedade-contempor%C3%A2nea-eds-nasceu-de-uma-\/174157024322423\/\">Empresa, Direito e Sociedade Contempor\u00e2nea &#8211; EDS<\/a><\/strong><\/p>\n\n\n\n<div class=\"wp-block-image\"><figure class=\"alignleft size-full is-resized\"><img loading=\"lazy\" decoding=\"async\" src=\"http:\/\/ppgdin.uff.br\/wp-content\/uploads\/sites\/5\/2016\/03\/Eds-maior-e1462409477935.png\" alt=\"\" class=\"wp-image-411\" width=\"251\" height=\"152\" \/><\/figure><\/div>\n\n\n\n<p class=\"has-background has-medium-font-size\" style=\"background-color:#f0f2f3\">O Instituto EDS tem origem no Grupo de Pesquisa Empresa, Direito e Sociedade Contempor\u00e2nea (CNPQ), liderado pelo Professor Dr Edson Alvisi, Titular de Direito Empresarial da Faculdade de Direito da Universidade Federal Fluminense, e atualmente, Vice Coordenador do Doutorado em Direito Institui\u00e7\u00f5es e Neg\u00f3cios (PPGDIN-UFF).<\/p>\n\n\n\n<div style=\"height:36px\" aria-hidden=\"true\" class=\"wp-block-spacer\"><\/div>\n\n\n\n<div style=\"height:36px\" aria-hidden=\"true\" class=\"wp-block-spacer\"><\/div>\n\n\n\n<p class=\"has-background\" style=\"background-color:#fadbdb;font-size:22px\"><strong>Empresas, Direitos Humanos e Acesso \u00e0 Justi\u00e7a<\/strong><\/p>\n\n\n\n<p class=\"has-medium-font-size\">O Grupo de Pesquisa &#8220;EMPRESAS, DIREITOS HUMANOS E ACESSO \u00c0 JUSTI\u00c7A&#8221; tem por objetivo discutir a possibilidade de um di\u00e1logo capaz de superar a dist\u00e2ncia entre as pr\u00e1ticas empresariais e os direitos humanos, identificando as tens\u00f5es dessa rela\u00e7\u00e3o, ou seja, como seria poss\u00edvel &#8211; e se seria poss\u00edvel &#8211; articular os interesses mercadol\u00f3gicos com as obriga\u00e7\u00f5es das empresas de respeitar, proteger e cumprir os direitos humanos, e como se daria a repara\u00e7\u00e3o de eventuais danos causados pelas empresas na perspectiva do acesso \u00e0 justi\u00e7a (jurisdi\u00e7\u00e3o extraterritorial).<\/p>\n\n\n\n<p class=\"has-medium-font-size\"><br><strong>Coordenador<\/strong>: Rogerio Pacheco Alves (rogeriopachecoalves@id.uff.br)<\/p>\n\n\n\n<div style=\"height:36px\" aria-hidden=\"true\" class=\"wp-block-spacer\"><\/div>\n\n\n\n<div style=\"height:36px\" aria-hidden=\"true\" class=\"wp-block-spacer\"><\/div>\n\n\n\n<p class=\"has-background\" style=\"background-color:#fadbdb;font-size:22px\"><strong>J\u00fcrgen Habermas: Concep\u00e7\u00f5es, Conflu\u00eancias e Interlocu\u00e7\u00f5es<\/strong><\/p>\n\n\n\n<div class=\"wp-block-image\"><figure class=\"alignleft size-full\"><img loading=\"lazy\" decoding=\"async\" width=\"181\" height=\"175\" src=\"http:\/\/ppgdin.uff.br\/wp-content\/uploads\/sites\/5\/2024\/12\/IMG-20241129-WA0088-1.jpg\" alt=\"\" class=\"wp-image-4512\" \/><\/figure><\/div>\n\n\n\n<p class=\"has-medium-font-size\">O Grupo de Pesquisa \u201cJ\u00fcrgen Habermas: concep\u00e7\u00f5es, conflu\u00eancias e interlocu\u00e7\u00f5es\u201d tem por expectativas: a) Estruturar um foro de discuss\u00e3o acerca do pensamento habermasiano, gerando oportunidades de conhecimento deste autor a docentes, discentes, t\u00e9cnicos administrativos e interessados da comunidade em geral. b) Construir uma rede de investiga\u00e7\u00e3o em torno dos problemas propostos por J\u00fcrgen Habermas e da discuss\u00e3o das suas obras, realizando eventos (semin\u00e1rios, cursos, publica\u00e7\u00f5es) para propiciar tal intento. c) Tornar-se um dos espa\u00e7os referenciais em \u00e2mbito nacional nas discuss\u00f5es sobre o pensamento de J\u00fcrgen Habermas, contribuindo na sociedade para o debate dos temas pol\u00edticos, \u00e9ticos, jur\u00eddicos, educacionais, etc. com abordagens embasadas ou inspiradas no vi\u00e9s filos\u00f3fico habermasiano, na perspectiva de ultrapassar e aperfei\u00e7oar as concep\u00e7\u00f5es do referido pensador.<\/p>\n\n\n\n<p><\/p>\n\n\n\n<p class=\"has-medium-font-size\"><\/p>\n\n\n\n<p class=\"has-medium-font-size\"><br><strong>Coordenador<\/strong>: Gilvan Luiz Hansen (gilvanluizhansen@id.uff.br)<\/p>\n\n\n\n<div style=\"height:36px\" aria-hidden=\"true\" class=\"wp-block-spacer\"><\/div>\n\n\n\n<div style=\"height:36px\" aria-hidden=\"true\" class=\"wp-block-spacer\"><\/div>\n\n\n\n<p class=\"has-background\" style=\"background-color:#fadbdb;font-size:22px\"><strong><a href=\"http:\/\/www.lafep.uff.br\">Laborat\u00f3rio Fluminense de Estudos Processuais &#8211; LAFEP<\/a><\/strong><\/p>\n\n\n\n<div class=\"wp-block-image\"><figure class=\"alignleft size-full is-resized\"><img loading=\"lazy\" decoding=\"async\" src=\"http:\/\/ppgdin.uff.br\/wp-content\/uploads\/sites\/5\/2024\/11\/lafep.png\" alt=\"\" class=\"wp-image-4476\" width=\"249\" height=\"136\" \/><\/figure><\/div>\n\n\n\n<p class=\"has-medium-font-size\">Criado no dia 7 de maio de 2010, o LAFEP desenvolve pesquisas sobre processo, justi\u00e7a e administra\u00e7\u00e3o de conflitos em perspectiva multidisciplinar e de direito comparado. As suas linhas de pesquisa s\u00e3o vinculadas ao Programa de P\u00f3s-Gradua\u00e7\u00e3o Stricto Sensu em Sociologia e Direito e ao Programa de Doutorado em Direitos, Institui\u00e7\u00f5es e Neg\u00f3cios.<\/p>\n\n\n\n<div style=\"height:38px\" aria-hidden=\"true\" class=\"wp-block-spacer\"><\/div>\n\n\n\n<p class=\"has-medium-font-size\"><br><strong>Coordenador<\/strong>: Fernando Gama de Miranda Netto (fernandojuris@yahoo.com.br)<\/p>\n\n\n\n<div style=\"height:36px\" aria-hidden=\"true\" class=\"wp-block-spacer\"><\/div>\n\n\n\n<div style=\"height:36px\" aria-hidden=\"true\" class=\"wp-block-spacer\"><\/div>\n\n\n\n<p class=\"has-background\" style=\"background-color:#fadbdb;font-size:22px\"><strong><strong>N\u00facleo de Pesquisa em Subtra\u00e7\u00e3o Internacional de Crian\u00e7as<\/strong><\/strong><\/p>\n\n\n\n<div class=\"wp-block-image\"><figure class=\"alignleft size-full is-resized\"><img loading=\"lazy\" decoding=\"async\" src=\"http:\/\/ppgdin.uff.br\/wp-content\/uploads\/sites\/5\/2025\/03\/Logo-projeto-1.jpg\" alt=\"\" class=\"wp-image-4555\" width=\"224\" height=\"224\" srcset=\"http:\/\/ppgdin.uff.br\/wp-content\/uploads\/sites\/5\/2025\/03\/Logo-projeto-1.jpg 255w, http:\/\/ppgdin.uff.br\/wp-content\/uploads\/sites\/5\/2025\/03\/Logo-projeto-1-150x150.jpg 150w\" sizes=\"auto, (max-width: 224px) 100vw, 224px\" \/><\/figure><\/div>\n\n\n\n<p class=\"has-medium-font-size\">O rompimento de fam\u00edlias transnacionais associado \u00e0 subtra\u00e7\u00e3o internacional de crian\u00e7as vem acompanhado por temas transversais que envolvem a imigra\u00e7\u00e3o, a identifica\u00e7\u00e3o de quem recorrentemente subtrai crian\u00e7as e viv\u00eancias marcadas por viol\u00eancias e viola\u00e7\u00f5es de direitos. O projeto de pesquisa \u00e9 embasado pelas\u00a0frentes, g\u00eanero e direito internacional, para\u00a0mapear os diferentes aspectos sociojur\u00eddicos e\u00a0intersec\u00e7\u00f5es atingidas\u00a0pela subtra\u00e7\u00e3o internacional de crian\u00e7as a fim de propor novos di\u00e1logos para o superior interesse da crian\u00e7a. Problematiza-se a restri\u00e7\u00e3o dos direitos das mulheres perante a cultura jur\u00eddica do direito internacional de fam\u00edlia e os obst\u00e1culos do acesso \u00e0 justi\u00e7a. Evidenciamos a necessidade da\u00a0ressignifica\u00e7\u00e3o dos processos de interpreta\u00e7\u00e3o, aplica\u00e7\u00e3o e orienta\u00e7\u00e3o da Conven\u00e7\u00e3o da Haia de 1980, especialmente o artigo 13, I, \u201cb\u201d, para que inclua uma an\u00e1lise jur\u00eddica com perspectiva de g\u00eanero e proteja al\u00e9m da crian\u00e7a, mulheres, m\u00e3es e imigrantes v\u00edtimas de viol\u00eancias. A metodologia de abordagem tem por base um perfil interdisciplinar nos planos epist\u00eamico, te\u00f3rico e metodol\u00f3gico,\u00a0se constituindo a partir de um vi\u00e9s cr\u00edtico.<\/p>\n\n\n\n<p class=\"has-medium-font-size\"><br><strong>Coordenadora:<\/strong>\u00a0Dra Let\u00edcia Virginia Leidens (lleidens@id.uff.br) <\/p>\n\n\n\n<div style=\"height:36px\" aria-hidden=\"true\" class=\"wp-block-spacer\"><\/div>\n\n\n\n<div style=\"height:36px\" aria-hidden=\"true\" class=\"wp-block-spacer\"><\/div>\n\n\n\n<p class=\"has-background\" style=\"background-color:#fadbdb;font-size:22px\"> <strong>Pessoas com Defici\u00eancia e Inclus\u00e3o Social<\/strong><\/p>\n\n\n\n<p class=\"has-background has-medium-font-size\" style=\"background-color:#f0f2f3\">Criado em 2017, o presente grupo de pesquisa tem por objetivo tra\u00e7ar uma an\u00e1lise te\u00f3rica e evolutiva dos mecanismos jur\u00eddicos criados para assegurar \u00e0 pessoa com defici\u00eancia _o exerc\u00edcio e gozo igualit\u00e1rio de direitos no \u00e2mbito social, especialmente no que se refere \u00e0 concretiza\u00e7\u00e3o desses direitos _a partir da emerg\u00eancia de uma \u00f3tica social e de valoriza\u00e7\u00e3o da diversidade na Conven\u00e7\u00e3o Internacional sobre os Direitos da Pessoa com Defici\u00eancia e no Estatuto da Pessoa com Defici\u00eancia (Lei n 13.146\/15). Para tanto, s\u00e3o utilizados os m\u00e9todos dial\u00e9tico, hist\u00f3rico, indutivo e de coleta de jurisprud\u00eancia, assim a investiga\u00e7\u00e3o pretende, primordialmente, analisar a aplica\u00e7\u00e3o e a interpreta\u00e7\u00e3o do art. 8 da mencionada legisla\u00e7\u00e3o infraconstitucional, moldando-se a atribui\u00e7\u00e3o de uma responsabilidade solid\u00e1ria subdividida entre Estado, sociedade e fam\u00edlia e multifacetada dos mais variados direitos que exigem a viv\u00eancia social em igualdade com os demais diante da pessoa com defici\u00eancia. As atividades do grupo ser\u00e3o desenvolvidas por interm\u00e9dio da integra\u00e7\u00e3o entre p\u00f3s-gradua\u00e7\u00e3o e gradua\u00e7\u00e3o, estando suas linhas de pesquisa vinculadas ao Programa de Doutorado em Direitos, Institui\u00e7\u00f5es e Neg\u00f3cios. <\/p>\n\n\n\n<p class=\"has-black-color has-text-color has-background has-medium-font-size\" style=\"background-color:#f0f2f3\"><strong>Coordenadora<\/strong>: C\u00e9lia Barbosa Abreu (<a rel=\"noreferrer noopener\" href=\"mailto:celiaabreu@id.uff.br\" target=\"_blank\">celiaabreu@id.uff.br<\/a>)<\/p>\n\n\n\n<div style=\"height:36px\" aria-hidden=\"true\" class=\"wp-block-spacer\"><\/div>\n\n\n\n<div style=\"height:36px\" aria-hidden=\"true\" class=\"wp-block-spacer\"><\/div>\n\n\n\n<p class=\"has-background\" style=\"background-color:#fadbdb;font-size:22px\"><strong><a href=\"https:\/\/www.facebook.com\/InstitutoEDSorg\/videos\/o-grupo-de-pesquisa-empresa-direito-e-sociedade-contempor%C3%A2nea-eds-nasceu-de-uma-\/174157024322423\/\">Prote\u00e7\u00e3o de Dados Pessoais &#8211; CNPQ<\/a><\/strong><\/p>\n\n\n\n<div class=\"wp-block-image\"><figure class=\"alignleft size-large is-resized\"><img loading=\"lazy\" decoding=\"async\" src=\"http:\/\/ppgdin.uff.br\/wp-content\/uploads\/sites\/5\/2022\/05\/Grupo-de-Pesquisa-Prote\u00e7\u00e3o-de-Dados-Pessoais-e1652963254391-1024x642.png\" alt=\"\" class=\"wp-image-3327\" width=\"252\" height=\"157\" srcset=\"http:\/\/ppgdin.uff.br\/wp-content\/uploads\/sites\/5\/2022\/05\/Grupo-de-Pesquisa-Prote\u00e7\u00e3o-de-Dados-Pessoais-e1652963254391-1024x642.png 1024w, http:\/\/ppgdin.uff.br\/wp-content\/uploads\/sites\/5\/2022\/05\/Grupo-de-Pesquisa-Prote\u00e7\u00e3o-de-Dados-Pessoais-e1652963254391-300x188.png 300w, http:\/\/ppgdin.uff.br\/wp-content\/uploads\/sites\/5\/2022\/05\/Grupo-de-Pesquisa-Prote\u00e7\u00e3o-de-Dados-Pessoais-e1652963254391-768x481.png 768w, http:\/\/ppgdin.uff.br\/wp-content\/uploads\/sites\/5\/2022\/05\/Grupo-de-Pesquisa-Prote\u00e7\u00e3o-de-Dados-Pessoais-e1652963254391.png 1222w\" sizes=\"auto, (max-width: 252px) 100vw, 252px\" \/><\/figure><\/div>\n\n\n\n<p class=\"has-background has-medium-font-size\" style=\"background-color:#f0f2f3\">O <strong>Grupo de Pesquisa Prote\u00e7\u00e3o de Dados Pessoais<\/strong> (CNPQ), liderado pelo Professor Dr <em>Pl\u00ednio Lacerda Martins<\/em>, Professor Associado da Faculdade de Direito da Universidade Federal Fluminense, e atualmente, Coordenador do Doutorado em Direito Institui\u00e7\u00f5es e Neg\u00f3cios (PPGDIN-UFF).<\/p>\n\n\n\n<div style=\"height:36px\" aria-hidden=\"true\" class=\"wp-block-spacer\"><\/div>\n\n\n\n<div style=\"height:36px\" aria-hidden=\"true\" class=\"wp-block-spacer\"><\/div>\n\n\n\n<p class=\"has-background\" style=\"background-color:#fadbdb;font-size:22px\"><strong><strong>Vulnerabilidades no Novo Direito Privado<\/strong><\/strong><\/p>\n\n\n\n<div class=\"wp-block-image\"><figure class=\"alignleft size-full is-resized\"><img loading=\"lazy\" decoding=\"async\" src=\"http:\/\/ppgdin.uff.br\/wp-content\/uploads\/sites\/5\/2024\/11\/logo-gp-vulnerabilidades1-1.png\" alt=\"\" class=\"wp-image-4471\" width=\"252\" height=\"252\" srcset=\"http:\/\/ppgdin.uff.br\/wp-content\/uploads\/sites\/5\/2024\/11\/logo-gp-vulnerabilidades1-1.png 800w, http:\/\/ppgdin.uff.br\/wp-content\/uploads\/sites\/5\/2024\/11\/logo-gp-vulnerabilidades1-1-300x300.png 300w, http:\/\/ppgdin.uff.br\/wp-content\/uploads\/sites\/5\/2024\/11\/logo-gp-vulnerabilidades1-1-150x150.png 150w, http:\/\/ppgdin.uff.br\/wp-content\/uploads\/sites\/5\/2024\/11\/logo-gp-vulnerabilidades1-1-768x768.png 768w\" sizes=\"auto, (max-width: 252px) 100vw, 252px\" \/><\/figure><\/div>\n\n\n\n<p class=\"has-background has-medium-font-size\" style=\"background-color:#f0f2f3\">O Direito Privado passou por diversas modifica\u00e7\u00f5es nas \u00faltimas d\u00e9cadas, deixando de ser patrimonialista como outrora e passando a se centralizar na pessoa e sua dignidade. Nesse sentido, foram criados microssistemas de prote\u00e7\u00e3o de sujeitos, bem como reconhecidas, tanto pela doutrina quanto pela jurisprud\u00eancia, diversas categorias de sujeitos vulner\u00e1veis que ensejam prote\u00e7\u00e3o espec\u00edfica, como os consumidores, idosos, crian\u00e7as, migrantes e gestantes, por exemplo. Nesse sentido, a proposta do grupo \u00e9 pesquisar e identificar novas vulnerabilidades, buscando formas de integra\u00e7\u00e3o na sociedade e de uma prote\u00e7\u00e3o mais qualificada.&nbsp;<\/p>\n\n\n\n<div style=\"height:30px\" aria-hidden=\"true\" class=\"wp-block-spacer\"><\/div>\n\n\n\n<p class=\"has-black-color has-text-color has-background has-medium-font-size\" style=\"background-color:#f0f2f3\"><strong>Coordenadora<\/strong>: Profa. Dra. L\u00facia Souza d&#8217;Aquino (<a rel=\"noreferrer noopener\" href=\"mailto:lsdaquino@id.uff.br\" target=\"_blank\">lsdaquino@id.uff.br<\/a>)<\/p>\n\n\n\n<div style=\"height:36px\" aria-hidden=\"true\" class=\"wp-block-spacer\"><\/div>\n\n\n\n<div style=\"height:36px\" aria-hidden=\"true\" class=\"wp-block-spacer\"><\/div>\n\n\n\n<div style=\"height:36px\" aria-hidden=\"true\" class=\"wp-block-spacer\"><\/div>\n\n\n\n<p><\/p>\n","protected":false},"excerpt":{"rendered":"<p>Democracia, Cidadania e Estado de Direito O Grupo de Pesquisa \u201cDemocracia, Cidadania e Estado de Direito\u201d tem por expectativas: a) Estruturar um foro de discuss\u00e3o acerca das quest\u00f5es que lhe servem de foco j\u00e1 na sua denomina\u00e7\u00e3o (a cidadania, a democracia, o estado de direito), gerando oportunidades de conhecimento destes temas a docentes, discentes, t\u00e9cnicos [&hellip;]<\/p>\n","protected":false},"author":5,"featured_media":0,"parent":190,"menu_order":0,"comment_status":"closed","ping_status":"closed","template":"","meta":{"_exactmetrics_skip_tracking":false,"_exactmetrics_sitenote_active":false,"_exactmetrics_sitenote_note":"","_exactmetrics_sitenote_category":0,"footnotes":""},"categories":[],"tags":[],"class_list":["post-352","page","type-page","status-publish","hentry"],"_links":{"self":[{"href":"http:\/\/ppgdin.uff.br\/index.php?rest_route=\/wp\/v2\/pages\/352","targetHints":{"allow":["GET"]}}],"collection":[{"href":"http:\/\/ppgdin.uff.br\/index.php?rest_route=\/wp\/v2\/pages"}],"about":[{"href":"http:\/\/ppgdin.uff.br\/index.php?rest_route=\/wp\/v2\/types\/page"}],"author":[{"embeddable":true,"href":"http:\/\/ppgdin.uff.br\/index.php?rest_route=\/wp\/v2\/users\/5"}],"replies":[{"embeddable":true,"href":"http:\/\/ppgdin.uff.br\/index.php?rest_route=%2Fwp%2Fv2%2Fcomments&post=352"}],"version-history":[{"count":13,"href":"http:\/\/ppgdin.uff.br\/index.php?rest_route=\/wp\/v2\/pages\/352\/revisions"}],"predecessor-version":[{"id":4553,"href":"http:\/\/ppgdin.uff.br\/index.php?rest_route=\/wp\/v2\/pages\/352\/revisions\/4553"}],"up":[{"embeddable":true,"href":"http:\/\/ppgdin.uff.br\/index.php?rest_route=\/wp\/v2\/pages\/190"}],"wp:attachment":[{"href":"http:\/\/ppgdin.uff.br\/index.php?rest_route=%2Fwp%2Fv2%2Fmedia&parent=352"}],"wp:term":[{"taxonomy":"category","embeddable":true,"href":"http:\/\/ppgdin.uff.br\/index.php?rest_route=%2Fwp%2Fv2%2Fcategories&post=352"},{"taxonomy":"post_tag","embeddable":true,"href":"http:\/\/ppgdin.uff.br\/index.php?rest_route=%2Fwp%2Fv2%2Ftags&post=352"}],"curies":[{"name":"wp","href":"https:\/\/api.w.org\/{rel}","templated":true}]}}