{"id":3424,"date":"2022-07-13T20:50:56","date_gmt":"2022-07-13T20:50:56","guid":{"rendered":"http:\/\/ppgdin.uff.br\/?page_id=3424"},"modified":"2024-01-18T17:44:34","modified_gmt":"2024-01-18T17:44:34","slug":"carga-horaria-x-categoria-de-atividade","status":"publish","type":"page","link":"http:\/\/ppgdin.uff.br\/?page_id=3424","title":{"rendered":"Carga Hor\u00e1ria"},"content":{"rendered":"\n<hr class=\"wp-block-separator\" \/>\n\n\n\n<p class=\"has-medium-font-size\">A participa\u00e7\u00e3o do(a) doutorando(a) nas Atividades do Programa \u00e9 indispens\u00e1vel pois, <strong>50% da carga hor\u00e1ria<\/strong> m\u00ednima exigida em <code><strong>Atividades Acad\u00eamicas Especiais<\/strong><\/code> (isto \u00e9, <strong>240h<\/strong>) devem ser cumpridas em dedica\u00e7\u00e3o a eventos, atividades e\/ou projetos de pesquisa oriundos exclusivamente do <strong>PPGDIN<\/strong>. Os <strong>50% restantes da carga hor\u00e1ria<\/strong> podem ser cumpridos externamente (conforme especifica\u00e7\u00f5es abaixo) devendo totalizar ao final o somat\u00f3rio m\u00ednimo de <strong>480h<\/strong>. <\/p>\n\n\n\n<hr class=\"wp-block-separator\" \/>\n\n\n\n<p class=\"has-cyan-bluish-gray-background-color has-background has-medium-font-size\">1.  <em>Tutorias a Grupos de Estudo e de Pesquisa = <strong>30h<\/strong> ou <strong>Certificado<\/strong><\/em> (m\u00e1ximo de um por per\u00edodo)<\/p>\n\n\n\n<div style=\"height:20px\" aria-hidden=\"true\" class=\"wp-block-spacer\"><\/div>\n\n\n\n<p class=\"has-cyan-bluish-gray-background-color has-background has-medium-font-size\">2.  <em>Participa\u00e7\u00e3o em Grupos de Pesquisa registrados no CNPq =  <strong>30h<\/strong> ou <strong>Certificado<\/strong><\/em> (m\u00e1ximo de um por per\u00edodo) <\/p>\n\n\n\n<div style=\"height:20px\" aria-hidden=\"true\" class=\"wp-block-spacer\"><\/div>\n\n\n\n<p class=\"has-cyan-bluish-gray-background-color has-background has-medium-font-size\">3.  <em>Inser\u00e7\u00e3o em Projetos de Pesquisa ou de Extens\u00e3o formalmente registrados na UFF = <strong>20h<\/strong><\/em> (m\u00e1ximo de dois por per\u00edodo) <\/p>\n\n\n\n<div style=\"height:20px\" aria-hidden=\"true\" class=\"wp-block-spacer\"><\/div>\n\n\n\n<p class=\"has-cyan-bluish-gray-background-color has-background has-medium-font-size\">4.  <em>Atua\u00e7\u00e3o em Comiss\u00f5es respons\u00e1veis pela viabiliza\u00e7\u00e3o de Peri\u00f3dicos e Publica\u00e7\u00f5es = <strong>10h<\/strong><\/em> (um por per\u00edodo)<\/p>\n\n\n\n<div style=\"height:20px\" aria-hidden=\"true\" class=\"wp-block-spacer\"><\/div>\n\n\n\n<p class=\"has-cyan-bluish-gray-background-color has-background has-medium-font-size\">5.  <em>Participa\u00e7\u00e3o em eventos organizados pelo PPGDIN (Col\u00f3quio<\/em>, <em>Congresso, Curso, Semin\u00e1rio, Workshop, etc.)<\/em>:<\/p>\n\n\n\n<div style=\"height:20px\" aria-hidden=\"true\" class=\"wp-block-spacer\"><\/div>\n\n\n\n<p class=\"has-text-align-left has-cyan-bluish-gray-background-color has-background has-medium-font-size\"><em>5.1.  Evento Nacional<\/em><\/p>\n\n\n\n<div style=\"height:20px\" aria-hidden=\"true\" class=\"wp-block-spacer\"><\/div>\n\n\n\n<p class=\"has-medium-font-size\"><em>5.1.1.  Organiza\u00e7\u00e3o de evento = <strong>10h<\/strong> (m\u00e1ximo de dois por per\u00edodo)<\/em><\/p>\n\n\n\n<p class=\"has-medium-font-size\"><em>5.1.2.  Apresenta\u00e7\u00e3o de trabalho ou palestrar em evento = <strong>10h<\/strong> (m\u00e1ximo de dois por per\u00edodo)<\/em><\/p>\n\n\n\n<p class=\"has-medium-font-size\"><em>5.1.3.  Ouvinte = <strong>5h<\/strong>  (m\u00e1ximo de cinco por per\u00edodo)<\/em><\/p>\n\n\n\n<p class=\"has-medium-font-size\"><em>5.1.4.  Participa\u00e7\u00e3o em Grupo de Trabalho (GT) = <strong>5h<\/strong> ou <strong>Declara\u00e7\u00e3o<\/strong>  (m\u00e1ximo de dois por per\u00edodo)  <\/em><\/p>\n\n\n\n<div style=\"height:20px\" aria-hidden=\"true\" class=\"wp-block-spacer\"><\/div>\n\n\n\n<p class=\"has-text-align-left has-cyan-bluish-gray-background-color has-background has-medium-font-size\"><em>5.2.  Evento Internacional<\/em><\/p>\n\n\n\n<div style=\"height:20px\" aria-hidden=\"true\" class=\"wp-block-spacer\"><\/div>\n\n\n\n<p class=\"has-medium-font-size\"><em>5.2.1.  Organiza\u00e7\u00e3o de evento = <strong>20h<\/strong>  (m\u00e1ximo de dois por per\u00edodo)<\/em><\/p>\n\n\n\n<p class=\"has-medium-font-size\"><em>5.2.2.  Apresenta\u00e7\u00e3o de trabalho ou palestrar em evento = <strong>20h<\/strong>  (m\u00e1ximo de dois por per\u00edodo)<\/em><\/p>\n\n\n\n<p class=\"has-medium-font-size\"><em>5.2.3.  Ouvinte = <strong>5h<\/strong>  (m\u00e1ximo de cinco por per\u00edodo)<\/em><\/p>\n\n\n\n<p class=\"has-medium-font-size\"><em>5.2.4.  Participa\u00e7\u00e3o em Grupo de Trabalho (GT) = <strong>5h<\/strong> ou <strong>Declara\u00e7\u00e3o<\/strong>  (m\u00e1ximo de dois por per\u00edodo)<\/em><\/p>\n\n\n\n<div style=\"height:20px\" aria-hidden=\"true\" class=\"wp-block-spacer\"><\/div>\n\n\n\n<p class=\"has-cyan-bluish-gray-background-color has-background has-medium-font-size\"><em>6.  Est\u00e1gio de Doc\u00eancia desenvolvido em Cursos de Gradua\u00e7\u00e3o<\/em> = <strong>30h<\/strong> (m\u00e1ximo de um por per\u00edodo)<\/p>\n\n\n\n<div style=\"height:20px\" aria-hidden=\"true\" class=\"wp-block-spacer\"><\/div>\n\n\n\n<p class=\"has-text-align-center\" style=\"font-size:17px\"> <em>Art. 57. &#8220;Para os discentes que recebem <strong>bolsas de estudo,<\/strong> <strong>\u00e9 obrigat\u00f3ria a matr\u00edcula nas disciplinas de Est\u00e1gio de Doc\u00eancia em todos os semestres nos quais receberem a bolsa<\/strong>, <code><strong>N\u00c3O<\/strong> se configurando esta carga hor\u00e1ria no c\u00f4mputo das horas exigidas em Disciplinas de Atividades Acad\u00eamicas Especiais<\/code><\/em>&#8220;.<\/p>\n\n\n\n<div style=\"height:20px\" aria-hidden=\"true\" class=\"wp-block-spacer\"><\/div>\n\n\n\n<p class=\"has-text-align-center\" style=\"font-size:17px\"> <em>Art. 58. &#8220;Aos discentes <strong>n\u00e3o bolsistas<\/strong> que optarem por se matricular em disciplinas Est\u00e1gio de Doc\u00eancia, a fim de obter o aprendizado da doc\u00eancia em car\u00e1ter volunt\u00e1rio, haver\u00e1 o c\u00f4mputo da referida carga hor\u00e1ria enquanto Atividades Acad\u00eamicas Especiais&#8221;.<\/em> <\/p>\n\n\n\n<div style=\"height:20px\" aria-hidden=\"true\" class=\"wp-block-spacer\"><\/div>\n\n\n\n<p class=\"has-cyan-bluish-gray-background-color has-background has-medium-font-size\"><em>7.  Disciplina Optativa do Programa = <strong>30h<\/strong> (<\/em>m\u00e1ximo de uma por per\u00edodo<em>)<\/em><\/p>\n\n\n\n<div style=\"height:20px\" aria-hidden=\"true\" class=\"wp-block-spacer\"><\/div>\n\n\n\n<p class=\"has-cyan-bluish-gray-background-color has-background has-medium-font-size\"><em>8.  Disciplina Externa = <strong>90h<\/strong>  (no m\u00e1ximo)<\/em><\/p>\n\n\n\n<div style=\"height:20px\" aria-hidden=\"true\" class=\"wp-block-spacer\"><\/div>\n\n\n\n<p class=\"has-cyan-bluish-gray-background-color has-background has-medium-font-size\"><em>9.  Aproveitamento de Disciplina Externa = <strong>90h <\/strong>no m\u00e1ximo (cursadas nos 2 anos, anteriores \u00e0 data de ingresso no Programa)<\/em><\/p>\n\n\n\n<div style=\"height:20px\" aria-hidden=\"true\" class=\"wp-block-spacer\"><\/div>\n\n\n\n<p class=\"has-text-align-center\" style=\"font-size:17px\"> <em>Art. 52. &#8220;Poder\u00e3o ser aproveitadas disciplinas cursadas em Programas de P\u00f3s-Gradua\u00e7\u00e3o Stricto sensu de Institui\u00e7\u00f5es de Ensino Superior, em n\u00edvel de Mestrado e\/ou Doutorado, que tenham afinidade com a \u00e1rea de concentra\u00e7\u00e3o do Programa e validade nacional, <strong>desde que n\u00e3o ultrapassem seis cr\u00e9ditos (90h)<\/strong>&#8220;.<\/em> <\/p>\n\n\n\n<div style=\"height:20px\" aria-hidden=\"true\" class=\"wp-block-spacer\"><\/div>\n\n\n\n<p class=\"has-cyan-bluish-gray-background-color has-background has-medium-font-size\"><em>10.  Artigo Publicado<\/em><\/p>\n\n\n\n<div style=\"height:20px\" aria-hidden=\"true\" class=\"wp-block-spacer\"><\/div>\n\n\n\n<p class=\"has-medium-font-size\"><em>10.1.  Classifica\u00e7\u00e3o A1 = <strong>50h<\/strong><\/em><\/p>\n\n\n\n<p class=\"has-medium-font-size\">1<em>0.2.  <\/em> <em>Classifica\u00e7\u00e3o A2 = <strong>40h<\/strong><\/em><\/p>\n\n\n\n<p class=\"has-medium-font-size\"><em>10.3.  <\/em> <em>Classifica\u00e7\u00e3o A3 = <strong>30h<\/strong><\/em><\/p>\n\n\n\n<p class=\"has-medium-font-size\"> <em>10.4.  <\/em> <em>Classifica\u00e7\u00e3o A4 = <strong>5h<\/strong><\/em> <\/p>\n\n\n\n<p class=\"has-medium-font-size\"><em>10.5.  <\/em> <em>Classifica\u00e7\u00e3o B1; B2; &#8230; = <strong>5h<\/strong><\/em><\/p>\n\n\n\n<p><\/p>\n\n\n\n<div style=\"height:20px\" aria-hidden=\"true\" class=\"wp-block-spacer\"><\/div>\n\n\n\n<p class=\"has-cyan-bluish-gray-background-color has-background has-medium-font-size\"><em>11.  Livro Publicado<\/em> = <em><strong>15h<\/strong><\/em><\/p>\n\n\n\n<div style=\"height:20px\" aria-hidden=\"true\" class=\"wp-block-spacer\"><\/div>\n\n\n\n<p class=\"has-cyan-bluish-gray-background-color has-background has-medium-font-size\"> <em>12.  Cap\u00edtulo de Livro Publicado<\/em> = <em><strong>10h<\/strong><\/em><\/p>\n\n\n\n<hr class=\"wp-block-separator\" \/>\n","protected":false},"excerpt":{"rendered":"<p>A participa\u00e7\u00e3o do(a) doutorando(a) nas Atividades do Programa \u00e9 indispens\u00e1vel pois, 50% da carga hor\u00e1ria m\u00ednima exigida em Atividades Acad\u00eamicas Especiais (isto \u00e9, 240h) devem ser cumpridas em dedica\u00e7\u00e3o a eventos, atividades e\/ou projetos de pesquisa oriundos exclusivamente do PPGDIN. Os 50% restantes da carga hor\u00e1ria podem ser cumpridos externamente (conforme especifica\u00e7\u00f5es abaixo) devendo totalizar [&hellip;]<\/p>\n","protected":false},"author":5,"featured_media":0,"parent":0,"menu_order":0,"comment_status":"closed","ping_status":"closed","template":"","meta":{"_exactmetrics_skip_tracking":false,"_exactmetrics_sitenote_active":false,"_exactmetrics_sitenote_note":"","_exactmetrics_sitenote_category":0,"footnotes":""},"categories":[],"tags":[],"class_list":["post-3424","page","type-page","status-publish","hentry"],"_links":{"self":[{"href":"http:\/\/ppgdin.uff.br\/index.php?rest_route=\/wp\/v2\/pages\/3424","targetHints":{"allow":["GET"]}}],"collection":[{"href":"http:\/\/ppgdin.uff.br\/index.php?rest_route=\/wp\/v2\/pages"}],"about":[{"href":"http:\/\/ppgdin.uff.br\/index.php?rest_route=\/wp\/v2\/types\/page"}],"author":[{"embeddable":true,"href":"http:\/\/ppgdin.uff.br\/index.php?rest_route=\/wp\/v2\/users\/5"}],"replies":[{"embeddable":true,"href":"http:\/\/ppgdin.uff.br\/index.php?rest_route=%2Fwp%2Fv2%2Fcomments&post=3424"}],"version-history":[{"count":32,"href":"http:\/\/ppgdin.uff.br\/index.php?rest_route=\/wp\/v2\/pages\/3424\/revisions"}],"predecessor-version":[{"id":4238,"href":"http:\/\/ppgdin.uff.br\/index.php?rest_route=\/wp\/v2\/pages\/3424\/revisions\/4238"}],"wp:attachment":[{"href":"http:\/\/ppgdin.uff.br\/index.php?rest_route=%2Fwp%2Fv2%2Fmedia&parent=3424"}],"wp:term":[{"taxonomy":"category","embeddable":true,"href":"http:\/\/ppgdin.uff.br\/index.php?rest_route=%2Fwp%2Fv2%2Fcategories&post=3424"},{"taxonomy":"post_tag","embeddable":true,"href":"http:\/\/ppgdin.uff.br\/index.php?rest_route=%2Fwp%2Fv2%2Ftags&post=3424"}],"curies":[{"name":"wp","href":"https:\/\/api.w.org\/{rel}","templated":true}]}}

Carga Horária

<hr class="wp-block-separator" />



<p class="has-medium-font-size">A participação do(a) doutorando(a) nas Atividades do Programa é indispensável pois, <strong>50% da carga horária</strong> mínima exigida em <code><strong>Atividades Acadêmicas Especiais</strong></code> (isto é, <strong>240h</strong>) devem ser cumpridas em dedicação a eventos, atividades e/ou projetos de pesquisa oriundos exclusivamente do <strong>PPGDIN</strong>. Os <strong>50% restantes da carga horária</strong> podem ser cumpridos externamente (conforme especificações abaixo) devendo totalizar ao final o somatório mínimo de <strong>480h</strong>. </p>



<hr class="wp-block-separator" />



<p class="has-cyan-bluish-gray-background-color has-background has-medium-font-size">1.  <em>Tutorias a Grupos de Estudo e de Pesquisa = <strong>30h</strong> ou <strong>Certificado</strong></em> (máximo de um por período)</p>



<div style="height:20px" aria-hidden="true" class="wp-block-spacer"></div>



<p class="has-cyan-bluish-gray-background-color has-background has-medium-font-size">2.  <em>Participação em Grupos de Pesquisa registrados no CNPq =  <strong>30h</strong> ou <strong>Certificado</strong></em> (máximo de um por período) </p>



<div style="height:20px" aria-hidden="true" class="wp-block-spacer"></div>



<p class="has-cyan-bluish-gray-background-color has-background has-medium-font-size">3.  <em>Inserção em Projetos de Pesquisa ou de Extensão formalmente registrados na UFF = <strong>20h</strong></em> (máximo de dois por período) </p>



<div style="height:20px" aria-hidden="true" class="wp-block-spacer"></div>



<p class="has-cyan-bluish-gray-background-color has-background has-medium-font-size">4.  <em>Atuação em Comissões responsáveis pela viabilização de Periódicos e Publicações = <strong>10h</strong></em> (um por período)</p>



<div style="height:20px" aria-hidden="true" class="wp-block-spacer"></div>



<p class="has-cyan-bluish-gray-background-color has-background has-medium-font-size">5.  <em>Participação em eventos organizados pelo PPGDIN (Colóquio</em>, <em>Congresso, Curso, Seminário, Workshop, etc.)</em>:</p>



<div style="height:20px" aria-hidden="true" class="wp-block-spacer"></div>



<p class="has-text-align-left has-cyan-bluish-gray-background-color has-background has-medium-font-size"><em>5.1.  Evento Nacional</em></p>



<div style="height:20px" aria-hidden="true" class="wp-block-spacer"></div>



<p class="has-medium-font-size"><em>5.1.1.  Organização de evento = <strong>10h</strong> (máximo de dois por período)</em></p>



<p class="has-medium-font-size"><em>5.1.2.  Apresentação de trabalho ou palestrar em evento = <strong>10h</strong> (máximo de dois por período)</em></p>



<p class="has-medium-font-size"><em>5.1.3.  Ouvinte = <strong>5h</strong>  (máximo de cinco por período)</em></p>



<p class="has-medium-font-size"><em>5.1.4.  Participação em Grupo de Trabalho (GT) = <strong>5h</strong> ou <strong>Declaração</strong>  (máximo de dois por período)  </em></p>



<div style="height:20px" aria-hidden="true" class="wp-block-spacer"></div>



<p class="has-text-align-left has-cyan-bluish-gray-background-color has-background has-medium-font-size"><em>5.2.  Evento Internacional</em></p>



<div style="height:20px" aria-hidden="true" class="wp-block-spacer"></div>



<p class="has-medium-font-size"><em>5.2.1.  Organização de evento = <strong>20h</strong>  (máximo de dois por período)</em></p>



<p class="has-medium-font-size"><em>5.2.2.  Apresentação de trabalho ou palestrar em evento = <strong>20h</strong>  (máximo de dois por período)</em></p>



<p class="has-medium-font-size"><em>5.2.3.  Ouvinte = <strong>5h</strong>  (máximo de cinco por período)</em></p>



<p class="has-medium-font-size"><em>5.2.4.  Participação em Grupo de Trabalho (GT) = <strong>5h</strong> ou <strong>Declaração</strong>  (máximo de dois por período)</em></p>



<div style="height:20px" aria-hidden="true" class="wp-block-spacer"></div>



<p class="has-cyan-bluish-gray-background-color has-background has-medium-font-size"><em>6.  Estágio de Docência desenvolvido em Cursos de Graduação</em> = <strong>30h</strong> (máximo de um por período)</p>



<div style="height:20px" aria-hidden="true" class="wp-block-spacer"></div>



<p class="has-text-align-center" style="font-size:17px"> <em>Art. 57. &#8220;Para os discentes que recebem <strong>bolsas de estudo,</strong> <strong>é obrigatória a matrícula nas disciplinas de Estágio de Docência em todos os semestres nos quais receberem a bolsa</strong>, <code><strong>NÃO</strong> se configurando esta carga horária no cômputo das horas exigidas em Disciplinas de Atividades Acadêmicas Especiais</code></em>&#8220;.</p>



<div style="height:20px" aria-hidden="true" class="wp-block-spacer"></div>



<p class="has-text-align-center" style="font-size:17px"> <em>Art. 58. &#8220;Aos discentes <strong>não bolsistas</strong> que optarem por se matricular em disciplinas Estágio de Docência, a fim de obter o aprendizado da docência em caráter voluntário, haverá o cômputo da referida carga horária enquanto Atividades Acadêmicas Especiais&#8221;.</em> </p>



<div style="height:20px" aria-hidden="true" class="wp-block-spacer"></div>



<p class="has-cyan-bluish-gray-background-color has-background has-medium-font-size"><em>7.  Disciplina Optativa do Programa = <strong>30h</strong> (</em>máximo de uma por período<em>)</em></p>



<div style="height:20px" aria-hidden="true" class="wp-block-spacer"></div>



<p class="has-cyan-bluish-gray-background-color has-background has-medium-font-size"><em>8.  Disciplina Externa = <strong>90h</strong>  (no máximo)</em></p>



<div style="height:20px" aria-hidden="true" class="wp-block-spacer"></div>



<p class="has-cyan-bluish-gray-background-color has-background has-medium-font-size"><em>9.  Aproveitamento de Disciplina Externa = <strong>90h </strong>no máximo (cursadas nos 2 anos, anteriores à data de ingresso no Programa)</em></p>



<div style="height:20px" aria-hidden="true" class="wp-block-spacer"></div>



<p class="has-text-align-center" style="font-size:17px"> <em>Art. 52. &#8220;Poderão ser aproveitadas disciplinas cursadas em Programas de Pós-Graduação Stricto sensu de Instituições de Ensino Superior, em nível de Mestrado e/ou Doutorado, que tenham afinidade com a área de concentração do Programa e validade nacional, <strong>desde que não ultrapassem seis créditos (90h)</strong>&#8220;.</em> </p>



<div style="height:20px" aria-hidden="true" class="wp-block-spacer"></div>



<p class="has-cyan-bluish-gray-background-color has-background has-medium-font-size"><em>10.  Artigo Publicado</em></p>



<div style="height:20px" aria-hidden="true" class="wp-block-spacer"></div>



<p class="has-medium-font-size"><em>10.1.  Classificação A1 = <strong>50h</strong></em></p>



<p class="has-medium-font-size">1<em>0.2.  </em> <em>Classificação A2 = <strong>40h</strong></em></p>



<p class="has-medium-font-size"><em>10.3.  </em> <em>Classificação A3 = <strong>30h</strong></em></p>



<p class="has-medium-font-size"> <em>10.4.  </em> <em>Classificação A4 = <strong>5h</strong></em> </p>



<p class="has-medium-font-size"><em>10.5.  </em> <em>Classificação B1; B2; &#8230; = <strong>5h</strong></em></p>



<p></p>



<div style="height:20px" aria-hidden="true" class="wp-block-spacer"></div>



<p class="has-cyan-bluish-gray-background-color has-background has-medium-font-size"><em>11.  Livro Publicado</em> = <em><strong>15h</strong></em></p>



<div style="height:20px" aria-hidden="true" class="wp-block-spacer"></div>



<p class="has-cyan-bluish-gray-background-color has-background has-medium-font-size"> <em>12.  Capítulo de Livro Publicado</em> = <em><strong>10h</strong></em></p>



<hr class="wp-block-separator" />

<p>A participação do(a) doutorando(a) nas Atividades do Programa é indispensável pois, 50% da carga horária mínima exigida em Atividades Acadêmicas Especiais (isto é, 240h) devem ser cumpridas em dedicação a eventos, atividades e/ou projetos de pesquisa oriundos exclusivamente do PPGDIN. Os 50% restantes da carga horária podem ser cumpridos externamente (conforme especificações abaixo) devendo totalizar [&hellip;]</p>
