{"id":3231,"date":"2022-04-07T13:42:39","date_gmt":"2022-04-07T13:42:39","guid":{"rendered":"http:\/\/ppgdin.uff.br\/?page_id=3231"},"modified":"2022-04-07T19:47:53","modified_gmt":"2022-04-07T19:47:53","slug":"elaboracao-e-defesa-da-tese","status":"publish","type":"page","link":"http:\/\/ppgdin.uff.br\/?page_id=3231","title":{"rendered":"Elabora\u00e7\u00e3o e Defesa da Tese"},"content":{"rendered":"\n<hr class=\"wp-block-separator\" \/>\n\n\n\n<p class=\"has-background has-medium-font-size has-very-light-gray-background-color\">A disciplina <strong>Elabora\u00e7\u00e3o e Defesa de Tese<\/strong>\u00a0possui <em>carga hor\u00e1ria de 450 horas e 30 cr\u00e9ditos<\/em>.<\/p>\n\n\n\n<p class=\"has-text-color has-background has-medium-font-size has-vivid-red-color has-very-light-gray-background-color\"><strong>ATEN\u00c7\u00c3O:<\/strong> Poder\u00e3o se inscrever na disciplina SOMENTE os(as) discentes do Curso que integralizaram todos os demais cr\u00e9ditos exigidos pelo Programa e foram aprovados(as) no Exame de Qualifica\u00e7\u00e3o.<\/p>\n\n\n\n<hr class=\"wp-block-separator\" \/>\n\n\n\n<p><\/p>\n","protected":false},"excerpt":{"rendered":"<p>A disciplina Elabora\u00e7\u00e3o e Defesa de Tese\u00a0possui carga hor\u00e1ria de 450 horas e 30 cr\u00e9ditos. ATEN\u00c7\u00c3O: Poder\u00e3o se inscrever na disciplina SOMENTE os(as) discentes do Curso que integralizaram todos os demais cr\u00e9ditos exigidos pelo Programa e foram aprovados(as) no Exame de Qualifica\u00e7\u00e3o.<\/p>\n","protected":false},"author":5,"featured_media":0,"parent":0,"menu_order":0,"comment_status":"closed","ping_status":"closed","template":"","meta":{"_exactmetrics_skip_tracking":false,"_exactmetrics_sitenote_active":false,"_exactmetrics_sitenote_note":"","_exactmetrics_sitenote_category":0,"footnotes":""},"categories":[],"tags":[],"class_list":["post-3231","page","type-page","status-publish","hentry"],"_links":{"self":[{"href":"http:\/\/ppgdin.uff.br\/index.php?rest_route=\/wp\/v2\/pages\/3231","targetHints":{"allow":["GET"]}}],"collection":[{"href":"http:\/\/ppgdin.uff.br\/index.php?rest_route=\/wp\/v2\/pages"}],"about":[{"href":"http:\/\/ppgdin.uff.br\/index.php?rest_route=\/wp\/v2\/types\/page"}],"author":[{"embeddable":true,"href":"http:\/\/ppgdin.uff.br\/index.php?rest_route=\/wp\/v2\/users\/5"}],"replies":[{"embeddable":true,"href":"http:\/\/ppgdin.uff.br\/index.php?rest_route=%2Fwp%2Fv2%2Fcomments&post=3231"}],"version-history":[{"count":4,"href":"http:\/\/ppgdin.uff.br\/index.php?rest_route=\/wp\/v2\/pages\/3231\/revisions"}],"predecessor-version":[{"id":3241,"href":"http:\/\/ppgdin.uff.br\/index.php?rest_route=\/wp\/v2\/pages\/3231\/revisions\/3241"}],"wp:attachment":[{"href":"http:\/\/ppgdin.uff.br\/index.php?rest_route=%2Fwp%2Fv2%2Fmedia&parent=3231"}],"wp:term":[{"taxonomy":"category","embeddable":true,"href":"http:\/\/ppgdin.uff.br\/index.php?rest_route=%2Fwp%2Fv2%2Fcategories&post=3231"},{"taxonomy":"post_tag","embeddable":true,"href":"http:\/\/ppgdin.uff.br\/index.php?rest_route=%2Fwp%2Fv2%2Ftags&post=3231"}],"curies":[{"name":"wp","href":"https:\/\/api.w.org\/{rel}","templated":true}]}}

Elaboração e Defesa da Tese

<hr class="wp-block-separator" />



<p class="has-background has-medium-font-size has-very-light-gray-background-color">A disciplina <strong>Elaboração e Defesa de Tese</strong> possui <em>carga horária de 450 horas e 30 créditos</em>.</p>



<p class="has-text-color has-background has-medium-font-size has-vivid-red-color has-very-light-gray-background-color"><strong>ATENÇÃO:</strong> Poderão se inscrever na disciplina SOMENTE os(as) discentes do Curso que integralizaram todos os demais créditos exigidos pelo Programa e foram aprovados(as) no Exame de Qualificação.</p>



<hr class="wp-block-separator" />



<p></p>

<p>A disciplina Elaboração e Defesa de Tese possui carga horária de 450 horas e 30 créditos. ATENÇÃO: Poderão se inscrever na disciplina SOMENTE os(as) discentes do Curso que integralizaram todos os demais créditos exigidos pelo Programa e foram aprovados(as) no Exame de Qualificação.</p>
