{"id":2732,"date":"2021-11-05T18:10:25","date_gmt":"2021-11-05T18:10:25","guid":{"rendered":"http:\/\/ppgdin.uff.br\/?page_id=2732"},"modified":"2021-11-05T18:10:25","modified_gmt":"2021-11-05T18:10:25","slug":"ano-2016","status":"publish","type":"page","link":"http:\/\/ppgdin.uff.br\/?page_id=2732","title":{"rendered":"ANO 2016"},"content":{"rendered":"\n<hr class=\"wp-block-separator\" \/>\n\n\n\n<p style=\"font-size:30px\" class=\"has-text-color has-vivid-red-color\"><strong>Turma 2016.1<\/strong><\/p>\n\n\n\n<p class=\"has-medium-font-size\"><a href=\"http:\/\/buscatextual.cnpq.br\/buscatextual\/visualizacv.do?id=K4651805U3&amp;tokenCaptchar=03AOLTBLQulD8cD01lIolpB-wKKru_AhV24cA8U73eWQ97w_yYETK8W8YPfJiwa9XnkohxrQhKS-F2lVB44lm8HcaZAMG6aslC9r9dL7sbe7LEc3rO6vrLlHwm6m8yj2yOF_tFJZ8fV1zaTmmkmpwPQQMgcPOUJS8buQliGAvsFqI0OWI6d2OYwN-l2yg74HTlKFANUFNToa6pqCBy3FlnwzqwmT3ZilbXTUqXBZ_hbkg-Wtwu4nx7ZlbUwtQX82WNxWUEZ15d44XfdMYzrqLqyB30-Ae41MBkA8cMv48YZmjZHRn2m5vR0heWgcoTAb9ydGEXBotU24EgdX1hIlD-o8jM3VqwH1DYZpATjAnOWAY9ruuIPKOiHWTPUeghpgd2zaVnyhCXQJxfDz7JM34FiAVYW-Jl4w_yaAPAadYEt9u7Fp3GnP3TTLDoVLSmJkYKpbTGwAQnnvu19a68w1165nfoNw5xvm-xjEQSsatXQkw8a8Vk9MtxuGkWn03PLoPNESDotP2sgFHvhn-uAB7OE2TIzY-yzp_8lw\">Alexandre da Silva Arruda<\/a><\/p>\n\n\n\n<p class=\"has-medium-font-size\"><a href=\"http:\/\/buscatextual.cnpq.br\/buscatextual\/visualizacv.do?id=K4456546Z5&amp;tokenCaptchar=03AOLTBLSF6hNSuywUwphu8-DO8jgFLvXcrZzhRcKhk_foogDCyxeGkP2ab72FZWx_kH6pXivcXxzT9HFNRcZx77x4ZQyT3PZCfa8xED4gwK5andjvGhMxJy-Rhxm14QXuZ9Dwi7BU6ASrD7W_6sYkUlXDqeHzA8hpojEfphobs-qyY9Vs9TTLmXUJSgIh100ZyDctavSh3vEu73dNjUKq6aPp2YqSA6ZOGmKxuYkimNaER13BvMh0FjKB7v2Nwp0s1WjqqgA-fTWp1Nh6n2Rdqy2TVZ28JocurGBLyPnH3fr_z0hDSEa4L10HRkBAqDNZI30v78qjTYY1z8oEt0lvPsHwSGXhv-Ay-mZKUpsSKVmc2jIUYHd9q4j0QgIT7wLTmA9shQXHdCC8v1ZloCjLyTGcHL6awgYwqRgCxjjCu3kGkcVhu35EF0SABmR0Xs8eXA48ZD1DuHxc4ZzXBSEx6sNFg4w0QGO4UF0PrRoY6g8g77E49cAZH6PIhTS6-Wf3VbEkMphLFQLH\">Flavia Martins Affonso<\/a><\/p>\n\n\n\n<p class=\"has-medium-font-size\"><a href=\"http:\/\/buscatextual.cnpq.br\/buscatextual\/visualizacv.do?id=K4717443Z1&amp;tokenCaptchar=03AOLTBLQ_BkNZuFJAXLJ92VEGelugWl-KUrF8y7PLaxX8otOlGXaoxFDfC87ov1Sh40eYEPJPnt9_kOx3xpdTf5h6cUwqejtYJFlutTPJ7g_DoXZLotQ4t-isDD2gEMwd8L1pa-EtQ1MnMTaAuezMjshJDeyoj_fX2XEp0xwjIhq4SoxbXnFPsjCfZHBwSvXgXgIprnRO0II9k4GNZyZOl1gB3W4_yZmyGymsd8M5y1Y3tEUAqJLJ8e4pmP6ZtlJO71nrkmVyBvw_OW4_dDtE6RhEybauqT7dOFIkvZCbuKmtktPTBflUfGq-8jQDbR8ZwZDdGg6m6uGE2zTK7zYMrIxvJx7RGkWllpfdZNGjUQKWtwnTv_iB8535dVIa7wd9S2q26UgTJ302rEPqFwHL8rduRtdMu7VsR_oDaIluVEckDkDAeQSt5xi3Tvv2jiyHABfM4-Z0fcBVkkG3yfa5kh1EMadGJ6fDCJkQ_nGNumvNLvPHm3y2zn5cTWgMzBw0TR_KEeG78vnomXdsn5pmC7dpOCSxj_MKGg\">Lincoln Ant\u00f4nio de Castro<\/a><\/p>\n\n\n\n<p class=\"has-medium-font-size\"><a href=\"http:\/\/buscatextual.cnpq.br\/buscatextual\/visualizacv.do?id=K4746373E3&amp;tokenCaptchar=03AOLTBLTXdrYafcwB69v9Irw_hOugtvYucHr_eJC3U93zGuttHQlt_EGijcj8gEBOJRIPHmIpPUWamPHMGBNP51JXccBBxlP9W6Y4KE2lJqbkO1ZzxLEzK6fOksZ5XOCNBJ6SHy9d6SybhW1bSnGLddve0ErUj1SyqT1_hAryibWIPFQ4GJrl0eWrtW0APm9iHFcBXHQmMWFx5HmSi2q-3HOciDPvRYM5kLDfjITCv4gFRXNZblubpHzh1lHt5rQfFum9X93Y2UfQ5EeaxXyjQrLGfsGNwZj556W7Ct84VdFpWX8uw0jd3BhWywsTZq33japiQ8Vj2Eygu8fXBVJOGRDpduL1in2OB9M7SbJmqnf9fdC6d9esQSomJzZZIh69TbiTTFqPICbGmfueYWJcsmeR93sztrSYCpUzvrBeQgEpjwldaudXau-aAj7u8Sw5LQhu6s4-DnS4y0GNOzPZnzRT7V8xgKwSHRqjn0XRMvpGyQG9I1O5e0y0k-ARe5VS6jconqZBfIcF\">Luis Ant\u00f4nio Alves Machado<\/a><\/p>\n\n\n\n<p class=\"has-medium-font-size\"><a href=\"http:\/\/buscatextual.cnpq.br\/buscatextual\/visualizacv.do?id=K4670711D9&amp;tokenCaptchar=03AOLTBLTqtSjreG3-Kt1Qh96mxvDW00ur99cH5CnJ_8aQAvh4DDDdnUq_UGRBd8mTKt9yvTIYvwEJIVhBPb5PoiZqiygxKEx3vDw9J3XR-3za6vZp8U-eQWE1MBoUPcAbGRtZGc59O7inu7zjvDiMZtjHhF7vYbdbkRgtxUZQuPziPHwFYFQKzMG12p2YvNGm_yGid-KjRCf5-UlsN5haAspaNkMNw0eYdU6p0ZR73N8uA9v6sA0rc5wcNMLEjA6H9uUAB_Xe1fafS83n-M4rwYeYhSfSbxrV-5mIGiutKyH4hjobquMGo5F1hzStW2oAnuConJ7B_K78Na25hmOfPAAaa9v-LHD2DwUZSlwILDl_rXn3iV0AhuuhX7svlPikayjoWoETMHHbvpPn705oa1N78gjKHgtgfPznN1IpHDTKvPtKud8yhVWBfA66cVHxHF3dqRmjdGh0XjV71Tmx_TG5BchcGl6RdAoi9-EDkcFXfQU6MzXAVVvGV_GNUmXhfP_CQ6LRgqyU\">Paulo Fernando de Mello Franco<\/a><\/p>\n\n\n\n<p class=\"has-medium-font-size\"><a href=\"http:\/\/buscatextual.cnpq.br\/buscatextual\/visualizacv.do?id=K4758774H5&amp;tokenCaptchar=03AOLTBLR-xqBM_rbRRvF2xmJBcfwyQubeH4cK_J3psK0ia2RhcYK6lOoo5saxkLl87F1_TkBUN8I0-arhNqsALSn4mnp5MypczI8f7mNDCa7yRi_giCezMNJYNy2uCCPxT6VtIT0W41fZG0im9-35Ql1kTGYol5LdifmfaP-Zau5JFg2qVx9MUMItCM6BrUP-bNkcK4TdFppZZoVrD38mLwubgfTQ0N9RmDa4QStPn93Z3dsJWRKMSWdx6NA6pDG2UiBYp-GDny0MNmXkMoy7W5ckABkxNA9oHbc-G6_ICxy4IJsNJzYk3Omx6E1cTqzqBDnk8OBqEQAIIr1tSVlJREB_jzrdniOsZV7xMRx8_ZnavWqTdSnBQg6w24uzuzejccLUVxgc99Khf95Sw3M1AMl8R4jBhynrY5OKl5Mc24tbH4P4fksvUb-JptHxMHFhg86Udpi03Q9beH8MhEFZIM0kjoGnmfs7o4QeKlrSliMrDBOSmvJG3IPanBvV-EGDesHpXr7VwVG0\">Renan Aguiar<\/a><\/p>\n\n\n\n<p class=\"has-medium-font-size\"><a href=\"http:\/\/buscatextual.cnpq.br\/buscatextual\/visualizacv.do?id=K4448434H0&amp;tokenCaptchar=03AOLTBLTD93UX8arqgkVffZEP09fHvtZkm54-jJeUY4bb744OxDNlYnkJzceohrSGez_LxnHeWyfK6pEvkO6AcHgdHjwQjgCFlnoBLFQX7yGKtVnr-UYZW73mZob6SAzg0Jp4PnjboH3QsEEPnzw1gVVgAnfmVMs1eD3xuaYuIMOKrx0x4o3jS9W0b0YZYyKUGcp5WCsqQGQIRrSKaqug10A5s85GYhSwRCE-NKSKxwbvWgeuiK_1zzH-rc2FncOo6muTh-J-EL39_73hKCTkWNCApYM1v-tuH1mIL2WBilwhP_wuOKZHjOEfWBP7UjA3a-9gZ5ypdqS7hFLMJZPViC4FmuvIZXWxfTQ2xL_MioNsZSo-w3D-8MYJLPk12-lxYxNdWqjKH6yqYF3N2ezsWJJGmx0LdBApR5o_IkKsXAc3cVhajTeh4PcFUf-u_XyxnOf5VkKlIuqnWG2IWs1IFKuUUPWxXm1mRE0IlS9AWIeKPzEFyT-xIgdBTVmajnQgph47HaxN5ybY\">S\u00e9rvio T\u00falio Santos Vieira<\/a><\/p>\n\n\n\n<p class=\"has-medium-font-size\"><a href=\"http:\/\/buscatextual.cnpq.br\/buscatextual\/visualizacv.do?id=K4238122E5&amp;tokenCaptchar=03AOLTBLSFy3ynDFP1jEnSey6gU4Toz7JVJxHFYkO7mBMlSdCVqvPB7T740rhxank234SEwrZE5yEy6GOHvw-E_H0Xe1k56i5qRuSuqYrfH6AT_1zlF-qixbrjnMjBTplBhufKaAPwW2e8XY72LDtj3Tk3IYD76WPs_09GfaZ2WgBT1xtl3eiyLiX_rFxEfpPiidRBsYtPb_LTV6YCxNfPVywAPoun9xwyewyjT7Omu65psbysA6PV3zqE41Ru1VWp5soLdGu8YIiqwBSZ2iDoeNwxfbbCae1UNc1u3RA3pT2xS8jzzKrO2J0iOACnMLO_J6Hlg8ynAHryDx1u4C75s1o2Ydr2s2o70AeDielu1SOspac7aKGDEdoY28IYUXPItziyEUuxt8fpl7EX7_3u7XdmpjGLnR5NsLVNZyHDfJOzLpDJ9xD349KvKbrZ1tXbCxH3OWVrAVB-egTB20C8G6H-be0gIKv-DCHgVeAac19WS8Yonf6dnLl02OG8n8urDcJ3kyTjO6X5\">Simone Vinhas de Oliveira<\/a><\/p>\n\n\n\n<p class=\"has-medium-font-size\"><a href=\"http:\/\/buscatextual.cnpq.br\/buscatextual\/visualizacv.do?id=K4835339Z4&amp;tokenCaptchar=03AOLTBLQ5ZXjtDHA8GpMNfmwLxqs7s3T224DxjPBgTwiOS8EPNCqmTnmCTyRRzrzK-QoqNxRNCT0-3yUYR66P1Nkqc9VhtfBm2ymdC3WFTqX6Bv2DkrtvUQv1f4950CAFbjyVn6ZuKL2HPuCLFfdh6V4Az6Vm9Ek72hhcf5UekdR0jLM4jbpkR7VA9i3bDPc4Svvv74Cv-AHqDgqQdjEEnm66xayNrDlwlXSmCI0_zIE-hrpwsWGaYl6Jqly3ryZAI9fYagoJ6Yl7bOgbC9-aHYxuUq_SQnHTYKGovwuJXx3aL_cn2MH4wa0TfXpXOeyv5jige5PdQoAjHMegGZB-W6S3S-TaI94MsRZVJQqQAdXq04PCYSxdFHsuBuLiQauwzCMJJ2W-NAyl6l-aQqkmLm4yUFdcCCFlj8FmQPNcDmFMnukZ8g8xZnlyJHpzJ47oM5CCtBz9YQBxue0W2MW5nhRvtuhnWWXfSpvymf5ZQkwYZgKnTrENi_hVHSP3cwsxVcK4aw2bTGGq\">Werson Franco Pereira R\u00eago<\/a><\/p>\n\n\n\n<hr class=\"wp-block-separator\" \/>\n\n\n\n<p style=\"font-size:30px\" class=\"has-text-color has-vivid-red-color\"><strong>Turma 2016.2<\/strong><\/p>\n\n\n\n<p class=\"has-medium-font-size\"><a href=\"http:\/\/buscatextual.cnpq.br\/buscatextual\/visualizacv.do?id=K8738074J6&amp;tokenCaptchar=03AOLTBLSqRbNy6zgyKLcxKMWD91KWH1tb-L7i1Ylb5sGqQEfAlfMfv1hkX7PTFnc0JaDAXa-XzuSVPcnI-BU2At2IQ1cl0MsSrl8wVGJMVGpG24XtMI0GrxS3E5u97UC9Gis4USMiRqKdY5VKtVSA1193XaLUgGmVYBkymS4mk5gBfF-e08ZHzNq8cnIK19FoRBdWAR6vqzp0Un_OhUwlqWUQ-vaQd8-5fNq9llQZigMXKMiEEanGhZLN3EBs1Yi6iDC_FX7r-nCU2MRgqhKM7gvnzpV3Tnfc_1KvgB4XoBruUVd6qZPJtBo-ddU5avIGFS5feVsVpy6P53eu9EAyrUo576euXmlrgufZlZ8BTc--aTNNln8s7R8eQc5VSmz4dloZ0hGDzTh90fBb-ELrjJ8V-mRmGWMdWNIjApxfa5IoQOBeSL6sI63W5u569XmUDsU29bD4LO0xRsg31E9n46gb_nQTCdaFR-rR2D6ajrt9UL25aO7Qfxck1fQGjLOf7Xc5a_dXiyQ1\">Ernesto Feio Boulhosa Filho<\/a><\/p>\n\n\n\n<p class=\"has-medium-font-size\"><a href=\"http:\/\/buscatextual.cnpq.br\/buscatextual\/visualizacv.do?id=K8752089D2&amp;tokenCaptchar=03AOLTBLSvJ9-A8ndQFFagagc0Aoifmn2FQS-pwlyS1oIkgsyOwV8NiCUwWTkVieRvVmpriCsc41ZB7j4aOy-NOb9pM6yo6m8FKUKOBT4JxfrRy-LaJNJH-8ww4ttYKFmabKSPRB_bzeX2VMbTrKbY4LZmkl55_ubVhh41qpjuRcwZWbWvMOq8bO1udCh2wDhezXASurp6E6vpZMMLIfUIF1Azfi66o7w2rjFdbjWmH3hluwjrii0GxzIm1Z6IV66s53ZO0_xqWrb_MmbWTXZcX_KDm8Y8s55gnt1DUlUFMdd0g-ZXW1GOFsRVkuMQli1BfVChrAdOVdqFwjbej5dYl3nCbPyvf2BRoEtsGamIyAyYOcp5mrOrlKxZ3NtjMNpbrrOook7dWfNDbjyQ5CaXgcAEywn34UjMrKSsQ8GKfODOGQKAmU5IdYIub2EjVNbRAmoAnMrQD3-ay0ul7F8Z3MxGXVVf3yP58X211mJJz5jgcN39q_m6ztc8CuRCzKiRthZjZA4GW15Z\">Fabio de Souza Schwartz<\/a><\/p>\n\n\n\n<p class=\"has-medium-font-size\"><a href=\"http:\/\/buscatextual.cnpq.br\/buscatextual\/visualizacv.do?id=K4273452E4&amp;tokenCaptchar=03AOLTBLRMX1FBZtP6PUrsCThM1EFwtx_FsW_AhnI3SBf-hY3o1pdUvWa6HbMGl7kBcOkCYolcdhcbqUlvKxRIlIzGM2NkvkfmdIytit7sgLk6CQygR6rGvbSgd3oYu1wT4eGsOaJYtzc84phJxpCz-nDyLzLaqK20EiTwIjc1ejXqX4kmCPiqzPYuECwbQA7v0QSvYsyO7TytZMdDqiyNSZ6RcFUyczpPuztVj43YFOCHmwWwKLr9GxtUmWFXszj3zk9eSZrpECRWUsj0_-eHOtUolsdAvskVkfOHg2dLHTW-_rXblxrkjAVADwUfqQqOpD7K7joyWTnp2cSXp5t44A3peHzO5qMrWpd-l906TSTfkOh5vQ4bsOxoeLcz5GdPT1oUm0i3MSelsy_k6dLWnFt8KWVc1ze-018StmR7nkGmT1sJElCkObCCWzqeG8q-CRonshaCN821amDQdAjHjxJHCOzzSW3SDvlndwE_aKgFK0BYwlBAa6EYNaU4GkvgNWOHmyGYkg5P\">Igor Silva de Menezes<\/a><\/p>\n\n\n\n<p class=\"has-medium-font-size\"><a href=\"http:\/\/buscatextual.cnpq.br\/buscatextual\/visualizacv.do?id=K4265212D6&amp;tokenCaptchar=03AOLTBLTNcug4OX_W-pQe_ec1tE-Q2WQDB54920cR8ToqMDfhn-GtMU1DmvqghbdLy4Bqm2ocX5QuzCAMA9Umy3jv1OqejV0mTE3PnN9UEcN0G7rhAglZcQTSOJDK1PbLG7RhfFnoJs01xdcdjJpNWKkV9xFU_wZI_b4O5d6sTMsA_FtZbYFKb2TU-9vVSUIBcYfzIfZTFPxNwArESKuE6qBwaa3FqHsfZWgKlcrZa5pguWij0fII-wcvjyGt_7wMPUEvBMbMot2usJvh0i7stPstZAqddONNAaPHOjmPinAW64FfZAXqr4qCfi6bvAAFGzjlExTf-iLNY2OlZW3dEJxTr5TuQ1Wp4eHOwocwI2Yd__mlM6JlxeWil7Te7kQuIVU0rMPAt9T53GyphfEbzqpRBwvxAutX-KQ-sqLM3MZ-a-e33WqYD6t7kH4bvTTImzV_efvQPHx-Z0cTeLKU4ve2KEr45m3fTK5yaSMHl4URzKMDDu-zy7PjIvChD2pxP91EnrFmY7nA\">Paula Cristiane Pinto Ramada<\/a><\/p>\n\n\n\n<p class=\"has-medium-font-size\"><a href=\"http:\/\/buscatextual.cnpq.br\/buscatextual\/visualizacv.do?id=K4497953J2&amp;tokenCaptchar=03AOLTBLRKnmT7o_hlDZY7O2NxYX8AJxhB7rt-3IRSkMy06pDkgzbc7sWKa-BGIriYnNXgYfIcz_CaBtWD4Ohl6DDMNo-TVhwLKe4UGM0LH31UA_Pfn8-TQ0U8ONLItXEe-lEKivIiLjGLEc1gKRDoCdZzzQrTYv4tMVEaJKbDN1J0RcOp7iP0wvAnV8gO9AtD3OsXl3YoxR_NVL18CjJ8SRrxC9NX7GZlroDVULtXL-lJ5Sba9v8ZLVhtqbDQ0SpZ2j2pclzq24LFJ-B5-GG-KnOf03GPTaSrvH7IVzAEWwfj_qLIGWEHCVhutI6OpTUiYhUe5g2fCkIY7yYaWAPk5AxRjkVqvPDqp6WxCSCJhaL6ZJHrHuZSxO5pXIzVcDi--r1qEVAMFMF55-zwOyzB63UWOpL87NvZ79imDkUUdah5tSwpSvMWCxdEKt2W48PCrsoG2CLHWgv4kNlAfyn2iSXDBhHjEN0AlSpSC7BvrjZP5XVtraJYXWt_ll84XMKJEgZCEeoa1u1Q\">Pedro Arruda Junior<\/a><\/p>\n","protected":false},"excerpt":{"rendered":"<p>Turma 2016.1 Alexandre da Silva Arruda Flavia Martins Affonso Lincoln Ant\u00f4nio de Castro Luis Ant\u00f4nio Alves Machado Paulo Fernando de Mello Franco Renan Aguiar S\u00e9rvio T\u00falio Santos Vieira Simone Vinhas de Oliveira Werson Franco Pereira R\u00eago Turma 2016.2 Ernesto Feio Boulhosa Filho Fabio de Souza Schwartz Igor Silva de Menezes Paula Cristiane Pinto Ramada Pedro [&hellip;]<\/p>\n","protected":false},"author":5,"featured_media":0,"parent":0,"menu_order":0,"comment_status":"closed","ping_status":"closed","template":"","meta":{"_exactmetrics_skip_tracking":false,"_exactmetrics_sitenote_active":false,"_exactmetrics_sitenote_note":"","_exactmetrics_sitenote_category":0,"footnotes":""},"categories":[],"tags":[],"class_list":["post-2732","page","type-page","status-publish","hentry"],"_links":{"self":[{"href":"http:\/\/ppgdin.uff.br\/index.php?rest_route=\/wp\/v2\/pages\/2732","targetHints":{"allow":["GET"]}}],"collection":[{"href":"http:\/\/ppgdin.uff.br\/index.php?rest_route=\/wp\/v2\/pages"}],"about":[{"href":"http:\/\/ppgdin.uff.br\/index.php?rest_route=\/wp\/v2\/types\/page"}],"author":[{"embeddable":true,"href":"http:\/\/ppgdin.uff.br\/index.php?rest_route=\/wp\/v2\/users\/5"}],"replies":[{"embeddable":true,"href":"http:\/\/ppgdin.uff.br\/index.php?rest_route=%2Fwp%2Fv2%2Fcomments&post=2732"}],"version-history":[{"count":1,"href":"http:\/\/ppgdin.uff.br\/index.php?rest_route=\/wp\/v2\/pages\/2732\/revisions"}],"predecessor-version":[{"id":2733,"href":"http:\/\/ppgdin.uff.br\/index.php?rest_route=\/wp\/v2\/pages\/2732\/revisions\/2733"}],"wp:attachment":[{"href":"http:\/\/ppgdin.uff.br\/index.php?rest_route=%2Fwp%2Fv2%2Fmedia&parent=2732"}],"wp:term":[{"taxonomy":"category","embeddable":true,"href":"http:\/\/ppgdin.uff.br\/index.php?rest_route=%2Fwp%2Fv2%2Fcategories&post=2732"},{"taxonomy":"post_tag","embeddable":true,"href":"http:\/\/ppgdin.uff.br\/index.php?rest_route=%2Fwp%2Fv2%2Ftags&post=2732"}],"curies":[{"name":"wp","href":"https:\/\/api.w.org\/{rel}","templated":true}]}}