{"id":234,"date":"2016-02-25T13:56:22","date_gmt":"2016-02-25T13:56:22","guid":{"rendered":"http:\/\/doutoradoja.sites.uff.br\/?page_id=234"},"modified":"2022-05-23T12:59:16","modified_gmt":"2022-05-23T12:59:16","slug":"objetivo-do-curso","status":"publish","type":"page","link":"http:\/\/ppgdin.uff.br\/?page_id=234","title":{"rendered":"Objetivo do curso"},"content":{"rendered":"\n<hr class=\"wp-block-separator\" \/>\n\n\n\n<p class=\"has-background has-medium-font-size has-very-light-gray-background-color\">O Curso de <strong>Doutorado em Direitos, Institui\u00e7\u00f5es e Neg\u00f3cios<\/strong>&nbsp;<strong>\u2013 PPGDIN<\/strong> tem como objetivo desenvolver forma\u00e7\u00e3o, em n\u00edvel de doutorado, comprometida com a produ\u00e7\u00e3o de conhecimento em Direito, Justi\u00e7a Administrativa e Sociedade, proporcionando uma reflex\u00e3o cr\u00edtica sobre o campo das rela\u00e7\u00f5es institucionais do Poder Judici\u00e1rio com as demais esferas estatais e com as atividades empresariais, considerando sua multiplicidade de objetos e de abordagens te\u00f3ricas e metodol\u00f3gicas. Pretende apoiar a forma\u00e7\u00e3o cient\u00edfica para o desenvolvimento de projetos de pesquisa e a capacita\u00e7\u00e3o para a doc\u00eancia no campo supracitado, contribuindo para a conscientiza\u00e7\u00e3o, no interior da Universidade e na opini\u00e3o p\u00fablica, dos problemas decorrentes da rela\u00e7\u00e3o Direito-Poder Judici\u00e1rio-Empresa-Sociedade sobre a popula\u00e7\u00e3o brasileira. Em termos gerais o Programa de Doutorado visa a:<\/p>\n\n\n\n<p class=\"has-background has-medium-font-size has-very-light-gray-background-color\">I &#8211; Proporcionar forma\u00e7\u00e3o acad\u00eamica do Direito aprofundada e de alto n\u00edvel em pesquisa e doc\u00eancia, incorporando os avan\u00e7os recentes dos estudos na \u00e1rea de Justi\u00e7a Administrativa, em diferentes n\u00edveis de an\u00e1lise e abordagens de produ\u00e7\u00e3o de conhecimento;<\/p>\n\n\n\n<p class=\"has-background has-medium-font-size has-very-light-gray-background-color\">II &#8211; Contribuir na forma\u00e7\u00e3o de profissionais aptos a contribuir para o desenvolvimento e aperfei\u00e7oamento do sistema judicial de prote\u00e7\u00e3o do cidad\u00e3o em face da Administra\u00e7\u00e3o P\u00fablica;<\/p>\n\n\n\n<p class=\"has-background has-medium-font-size has-very-light-gray-background-color\">III &#8211; Qualificar recursos humanos tanto para a atua\u00e7\u00e3o no ensino do Direito e \u00e1reas afins quanto para as institui\u00e7\u00f5es do Poder Judici\u00e1rio e do Estado que se voltam para a gest\u00e3o da rela\u00e7\u00e3o destas institui\u00e7\u00f5es com as atividades empresariais e sociais no Rio de Janeiro e no Brasil;<\/p>\n\n\n\n<p class=\"has-background has-medium-font-size has-very-light-gray-background-color\">IV &#8211; Contribuir para a produ\u00e7\u00e3o de conhecimentos acad\u00eamico cient\u00edficos que possam favorecer o desenvolvimento e a consolida\u00e7\u00e3o do Direito enquanto \u00e1rea de conhecimento, e da Justi\u00e7a Administrativa, enquanto recorte espec\u00edfico, em um contexto globalizado;<\/p>\n\n\n\n<p class=\"has-background has-medium-font-size has-very-light-gray-background-color\">V &#8211; Promover a pesquisa nas \u00e1reas de conhecimento as fundamentais e as instrumentais \u00e0 presta\u00e7\u00e3o jurisdicional administrativa -, de modo que a investiga\u00e7\u00e3o cient\u00edfica passe a ser considerada uma permanente ferramenta de trabalho daqueles que atuam perante os \u00f3rg\u00e3os que julgam a Administra\u00e7\u00e3o P\u00fablica;<\/p>\n\n\n\n<p class=\"has-background has-medium-font-size has-very-light-gray-background-color\">VI &#8211; Potencializar a forma\u00e7\u00e3o de profissionais para o ensino e a pesquisa, com capacidade cr\u00edtica, autonomia, inova\u00e7\u00e3o e compromisso \u00e9tico moral para com a \u00e1rea de atua\u00e7\u00e3o;<\/p>\n\n\n\n<p class=\"has-background has-medium-font-size has-very-light-gray-background-color\">VII &#8211; Contribuir para amplia\u00e7\u00e3o e qualifica\u00e7\u00e3o da produ\u00e7\u00e3o de conhecimentos acad\u00eamico cient\u00edficos em Direito, bem como para sua dissemina\u00e7\u00e3o, favorecendo o desenvolvimento e a consolida\u00e7\u00e3o da \u00e1rea;<\/p>\n\n\n\n<p class=\"has-background has-medium-font-size has-very-light-gray-background-color\">VIII &#8211; Incentivar a realiza\u00e7\u00e3o de pesquisa avan\u00e7ada que demonstre a capacidade de formula\u00e7\u00e3o de problemas relevantes e de respostas cient\u00edficas adequadas para a \u00e1rea de concentra\u00e7\u00e3o em Justi\u00e7a Administrativa.<\/p>\n","protected":false},"excerpt":{"rendered":"<p>O Curso de Doutorado em Direitos, Institui\u00e7\u00f5es e Neg\u00f3cios&nbsp;\u2013 PPGDIN tem como objetivo desenvolver forma\u00e7\u00e3o, em n\u00edvel de doutorado, comprometida com a produ\u00e7\u00e3o de conhecimento em Direito, Justi\u00e7a Administrativa e Sociedade, proporcionando uma reflex\u00e3o cr\u00edtica sobre o campo das rela\u00e7\u00f5es institucionais do Poder Judici\u00e1rio com as demais esferas estatais e com as atividades empresariais, considerando [&hellip;]<\/p>\n","protected":false},"author":5,"featured_media":0,"parent":190,"menu_order":0,"comment_status":"closed","ping_status":"closed","template":"","meta":{"_exactmetrics_skip_tracking":false,"_exactmetrics_sitenote_active":false,"_exactmetrics_sitenote_note":"","_exactmetrics_sitenote_category":0,"footnotes":""},"categories":[],"tags":[],"class_list":["post-234","page","type-page","status-publish","hentry"],"_links":{"self":[{"href":"http:\/\/ppgdin.uff.br\/index.php?rest_route=\/wp\/v2\/pages\/234","targetHints":{"allow":["GET"]}}],"collection":[{"href":"http:\/\/ppgdin.uff.br\/index.php?rest_route=\/wp\/v2\/pages"}],"about":[{"href":"http:\/\/ppgdin.uff.br\/index.php?rest_route=\/wp\/v2\/types\/page"}],"author":[{"embeddable":true,"href":"http:\/\/ppgdin.uff.br\/index.php?rest_route=\/wp\/v2\/users\/5"}],"replies":[{"embeddable":true,"href":"http:\/\/ppgdin.uff.br\/index.php?rest_route=%2Fwp%2Fv2%2Fcomments&post=234"}],"version-history":[{"count":6,"href":"http:\/\/ppgdin.uff.br\/index.php?rest_route=\/wp\/v2\/pages\/234\/revisions"}],"predecessor-version":[{"id":3334,"href":"http:\/\/ppgdin.uff.br\/index.php?rest_route=\/wp\/v2\/pages\/234\/revisions\/3334"}],"up":[{"embeddable":true,"href":"http:\/\/ppgdin.uff.br\/index.php?rest_route=\/wp\/v2\/pages\/190"}],"wp:attachment":[{"href":"http:\/\/ppgdin.uff.br\/index.php?rest_route=%2Fwp%2Fv2%2Fmedia&parent=234"}],"wp:term":[{"taxonomy":"category","embeddable":true,"href":"http:\/\/ppgdin.uff.br\/index.php?rest_route=%2Fwp%2Fv2%2Fcategories&post=234"},{"taxonomy":"post_tag","embeddable":true,"href":"http:\/\/ppgdin.uff.br\/index.php?rest_route=%2Fwp%2Fv2%2Ftags&post=234"}],"curies":[{"name":"wp","href":"https:\/\/api.w.org\/{rel}","templated":true}]}}

<hr class="wp-block-separator" />



<p class="has-background has-medium-font-size has-very-light-gray-background-color">O Curso de <strong>Doutorado em Direitos, Instituições e Negócios</strong>&nbsp;<strong>– PPGDIN</strong> tem como objetivo desenvolver formação, em nível de doutorado, comprometida com a produção de conhecimento em Direito, Justiça Administrativa e Sociedade, proporcionando uma reflexão crítica sobre o campo das relações institucionais do Poder Judiciário com as demais esferas estatais e com as atividades empresariais, considerando sua multiplicidade de objetos e de abordagens teóricas e metodológicas. Pretende apoiar a formação científica para o desenvolvimento de projetos de pesquisa e a capacitação para a docência no campo supracitado, contribuindo para a conscientização, no interior da Universidade e na opinião pública, dos problemas decorrentes da relação Direito-Poder Judiciário-Empresa-Sociedade sobre a população brasileira. Em termos gerais o Programa de Doutorado visa a:</p>



<p class="has-background has-medium-font-size has-very-light-gray-background-color">I &#8211; Proporcionar formação acadêmica do Direito aprofundada e de alto nível em pesquisa e docência, incorporando os avanços recentes dos estudos na área de Justiça Administrativa, em diferentes níveis de análise e abordagens de produção de conhecimento;</p>



<p class="has-background has-medium-font-size has-very-light-gray-background-color">II &#8211; Contribuir na formação de profissionais aptos a contribuir para o desenvolvimento e aperfeiçoamento do sistema judicial de proteção do cidadão em face da Administração Pública;</p>



<p class="has-background has-medium-font-size has-very-light-gray-background-color">III &#8211; Qualificar recursos humanos tanto para a atuação no ensino do Direito e áreas afins quanto para as instituições do Poder Judiciário e do Estado que se voltam para a gestão da relação destas instituições com as atividades empresariais e sociais no Rio de Janeiro e no Brasil;</p>



<p class="has-background has-medium-font-size has-very-light-gray-background-color">IV &#8211; Contribuir para a produção de conhecimentos acadêmico científicos que possam favorecer o desenvolvimento e a consolidação do Direito enquanto área de conhecimento, e da Justiça Administrativa, enquanto recorte específico, em um contexto globalizado;</p>



<p class="has-background has-medium-font-size has-very-light-gray-background-color">V &#8211; Promover a pesquisa nas áreas de conhecimento as fundamentais e as instrumentais à prestação jurisdicional administrativa -, de modo que a investigação científica passe a ser considerada uma permanente ferramenta de trabalho daqueles que atuam perante os órgãos que julgam a Administração Pública;</p>



<p class="has-background has-medium-font-size has-very-light-gray-background-color">VI &#8211; Potencializar a formação de profissionais para o ensino e a pesquisa, com capacidade crítica, autonomia, inovação e compromisso ético moral para com a área de atuação;</p>



<p class="has-background has-medium-font-size has-very-light-gray-background-color">VII &#8211; Contribuir para ampliação e qualificação da produção de conhecimentos acadêmico científicos em Direito, bem como para sua disseminação, favorecendo o desenvolvimento e a consolidação da área;</p>



<p class="has-background has-medium-font-size has-very-light-gray-background-color">VIII &#8211; Incentivar a realização de pesquisa avançada que demonstre a capacidade de formulação de problemas relevantes e de respostas científicas adequadas para a área de concentração em Justiça Administrativa.</p>

<p>O Curso de Doutorado em Direitos, Instituições e Negócios&nbsp;– PPGDIN tem como objetivo desenvolver formação, em nível de doutorado, comprometida com a produção de conhecimento em Direito, Justiça Administrativa e Sociedade, proporcionando uma reflexão crítica sobre o campo das relações institucionais do Poder Judiciário com as demais esferas estatais e com as atividades empresariais, considerando [&hellip;]</p>
